Last updated on 2025-05-19 12:50:01 CEST.
Flavor | Version | Tinstall | Tcheck | Ttotal | Status | Flags |
---|---|---|---|---|---|---|
r-devel-linux-x86_64-debian-clang | 0.9.3 | 3.01 | 27.25 | 30.26 | NOTE | |
r-devel-linux-x86_64-debian-gcc | 0.9.3 | 2.50 | 20.99 | 23.49 | NOTE | |
r-devel-linux-x86_64-fedora-clang | 0.9.3 | 46.81 | OK | |||
r-devel-linux-x86_64-fedora-gcc | 0.9.3 | 45.88 | OK | |||
r-devel-windows-x86_64 | 0.9.3 | 5.00 | 53.00 | 58.00 | OK | |
r-patched-linux-x86_64 | 0.9.3 | 3.19 | 26.03 | 29.22 | OK | |
r-release-linux-x86_64 | 0.9.3 | 2.59 | 26.51 | 29.10 | OK | |
r-release-macos-arm64 | 0.9.3 | 23.00 | OK | |||
r-release-macos-x86_64 | 0.9.3 | 39.00 | OK | |||
r-release-windows-x86_64 | 0.9.3 | 7.00 | 51.00 | 58.00 | OK | |
r-oldrel-macos-arm64 | 0.9.3 | 19.00 | OK | |||
r-oldrel-macos-x86_64 | 0.9.3 | 27.00 | OK | |||
r-oldrel-windows-x86_64 | 0.9.3 | 6.00 | 52.00 | 58.00 | OK |
Version: 0.9.3
Check: CRAN incoming feasibility
Result: NOTE
Maintainer: ‘Michael P. Fay <mfay@niaid.nih.gov>’
No Authors@R field in DESCRIPTION.
Please add one, modifying
Authors@R: c(person(given = "Sungwook",
family = "Kim",
role = "aut"),
person(given = c("Michael", "P."),
family = "Fay",
role = "cre",
email = "mfay@niaid.nih.gov"))
as necessary.
Flavors: r-devel-linux-x86_64-debian-clang, r-devel-linux-x86_64-debian-gcc