Last updated on 2024-06-30 00:59:11 CEST.
Flavor | Version | Tinstall | Tcheck | Ttotal | Status | Flags |
---|---|---|---|---|---|---|
r-devel-linux-x86_64-debian-clang | 1.1 | 35.06 | 296.48 | 331.54 | NOTE | |
r-devel-linux-x86_64-debian-gcc | 1.1 | 24.26 | 212.00 | 236.26 | NOTE | |
r-devel-linux-x86_64-fedora-clang | 1.1 | 391.23 | NOTE | |||
r-devel-linux-x86_64-fedora-gcc | 1.1 | 398.75 | NOTE | |||
r-devel-windows-x86_64 | 1.1 | 23.00 | 178.00 | 201.00 | NOTE | |
r-patched-linux-x86_64 | 1.1 | 35.66 | 274.35 | 310.01 | NOTE | |
r-release-linux-x86_64 | 1.1 | 30.42 | 286.02 | 316.44 | NOTE | |
r-release-macos-arm64 | 1.1 | 85.00 | NOTE | |||
r-release-macos-x86_64 | 1.1 | 138.00 | NOTE | |||
r-release-windows-x86_64 | 1.1 | 23.00 | 178.00 | 201.00 | NOTE | |
r-oldrel-macos-arm64 | 1.1 | 89.00 | OK | |||
r-oldrel-macos-x86_64 | 1.1 | 165.00 | OK | |||
r-oldrel-windows-x86_64 | 1.1 | 33.00 | 239.00 | 272.00 | OK |
Version: 1.1
Check: Rd files
Result: NOTE
checkRd: (-1) cruts-package.Rd:21: Lost braces
21 | section{Dependencies}{
| ^
checkRd: (-1) cruts-package.Rd:21-24: Lost braces
21 | section{Dependencies}{
| ^
checkRd: (-1) cruts-package.Rd:26: Lost braces
26 | section{Citation}{
| ^
checkRd: (-1) cruts-package.Rd:26-28: Lost braces
26 | section{Citation}{
| ^
checkRd: (-1) cruts-package.Rd:30-32: Lost braces
30 | references{
| ^
Flavors: r-devel-linux-x86_64-debian-clang, r-devel-linux-x86_64-debian-gcc, r-devel-linux-x86_64-fedora-clang, r-devel-linux-x86_64-fedora-gcc, r-devel-windows-x86_64, r-patched-linux-x86_64, r-release-linux-x86_64, r-release-macos-arm64, r-release-macos-x86_64, r-release-windows-x86_64