Last updated on 2025-05-19 01:49:50 CEST.
Flavor | Version | Tinstall | Tcheck | Ttotal | Status | Flags |
---|---|---|---|---|---|---|
r-devel-linux-x86_64-debian-clang | 0.1.2 | 4.68 | 45.58 | 50.26 | NOTE | |
r-devel-linux-x86_64-debian-gcc | 0.1.2 | 3.61 | 34.03 | 37.64 | NOTE | |
r-devel-linux-x86_64-fedora-clang | 0.1.2 | 81.64 | NOTE | |||
r-devel-linux-x86_64-fedora-gcc | 0.1.2 | 79.71 | NOTE | |||
r-devel-windows-x86_64 | 0.1.2 | 7.00 | 70.00 | 77.00 | NOTE | |
r-patched-linux-x86_64 | 0.1.2 | 4.46 | 42.31 | 46.77 | NOTE | |
r-release-linux-x86_64 | 0.1.2 | 4.63 | 42.37 | 47.00 | NOTE | |
r-release-macos-arm64 | 0.1.2 | 29.00 | NOTE | |||
r-release-macos-x86_64 | 0.1.2 | 46.00 | NOTE | |||
r-release-windows-x86_64 | 0.1.2 | 7.00 | 63.00 | 70.00 | NOTE | |
r-oldrel-macos-arm64 | 0.1.2 | 26.00 | OK | |||
r-oldrel-macos-x86_64 | 0.1.2 | 44.00 | OK | |||
r-oldrel-windows-x86_64 | 0.1.2 | 9.00 | 71.00 | 80.00 | OK |
Version: 0.1.2
Check: DESCRIPTION meta-information
Result: NOTE
Missing dependency on R >= 4.2.0 because package code uses the pipe
placeholder syntax added in R 4.2.0.
File(s) using such syntax:
‘helpers.R’
Flavors: r-devel-linux-x86_64-debian-clang, r-devel-linux-x86_64-debian-gcc, r-devel-linux-x86_64-fedora-clang, r-devel-linux-x86_64-fedora-gcc, r-devel-windows-x86_64, r-patched-linux-x86_64, r-release-linux-x86_64, r-release-macos-arm64, r-release-macos-x86_64, r-release-windows-x86_64