Last updated on 2025-02-22 00:49:42 CET.
Flavor | Version | Tinstall | Tcheck | Ttotal | Status | Flags |
---|---|---|---|---|---|---|
r-devel-linux-x86_64-debian-clang | 0.6.0 | 7.55 | 356.67 | 364.22 | OK | |
r-devel-linux-x86_64-debian-gcc | 0.6.0 | 5.41 | 247.97 | 253.38 | OK | |
r-devel-linux-x86_64-fedora-clang | 0.6.0 | 536.00 | OK | |||
r-devel-linux-x86_64-fedora-gcc | 0.6.0 | 701.04 | OK | |||
r-devel-macos-arm64 | 0.6.0 | 168.00 | OK | |||
r-devel-macos-x86_64 | 0.6.0 | 418.00 | OK | |||
r-devel-windows-x86_64 | 0.6.0 | 10.00 | 325.00 | 335.00 | OK | |
r-patched-linux-x86_64 | 0.6.0 | 8.00 | 342.14 | 350.14 | OK | |
r-release-linux-x86_64 | 0.6.0 | 7.27 | 340.22 | 347.49 | OK | |
r-release-macos-arm64 | 0.6.0 | 157.00 | NOTE | |||
r-release-macos-x86_64 | 0.6.0 | 260.00 | NOTE | |||
r-release-windows-x86_64 | 0.6.0 | 10.00 | 322.00 | 332.00 | NOTE | |
r-oldrel-macos-arm64 | 0.6.0 | 195.00 | NOTE | |||
r-oldrel-macos-x86_64 | 0.6.0 | 346.00 | NOTE | |||
r-oldrel-windows-x86_64 | 0.6.0 | 11.00 | 464.00 | 475.00 | NOTE |
Version: 0.6.0
Check: installed package size
Result: NOTE
installed size is 5.4Mb
sub-directories of 1Mb or more:
doc 5.1Mb
Flavors: r-release-macos-arm64, r-release-macos-x86_64, r-release-windows-x86_64, r-oldrel-macos-arm64, r-oldrel-macos-x86_64, r-oldrel-windows-x86_64