Last updated on 2025-07-20 01:49:26 CEST.
Flavor | Version | Tinstall | Tcheck | Ttotal | Status | Flags |
---|---|---|---|---|---|---|
r-devel-linux-x86_64-debian-clang | 1.0.3 | 4.36 | 41.34 | 45.70 | NOTE | |
r-devel-linux-x86_64-debian-gcc | 1.0.3 | 3.56 | 32.23 | 35.79 | NOTE | |
r-devel-linux-x86_64-fedora-clang | 1.0.3 | 70.28 | OK | |||
r-devel-linux-x86_64-fedora-gcc | 1.0.3 | 62.76 | OK | |||
r-devel-windows-x86_64 | 1.0.3 | 6.00 | 58.00 | 64.00 | OK | |
r-patched-linux-x86_64 | 1.0.3 | 3.20 | 38.58 | 41.78 | OK | |
r-release-linux-x86_64 | 1.0.3 | 4.27 | 38.37 | 42.64 | OK | |
r-release-macos-arm64 | 1.0.3 | 28.00 | OK | |||
r-release-macos-x86_64 | 1.0.3 | 47.00 | OK | |||
r-release-windows-x86_64 | 1.0.3 | 6.00 | 56.00 | 62.00 | OK | |
r-oldrel-macos-arm64 | 1.0.3 | 24.00 | OK | |||
r-oldrel-macos-x86_64 | 1.0.3 | 34.00 | OK | |||
r-oldrel-windows-x86_64 | 1.0.3 | 7.00 | 69.00 | 76.00 | OK |
Version: 1.0.3
Check: CRAN incoming feasibility
Result: NOTE
Maintainer: ‘Gábor Csárdi <csardi.gabor@gmail.com>’
No Authors@R field in DESCRIPTION.
Please add one, modifying
Authors@R: person(given = "Gábor",
family = "Csárdi",
role = c("aut", "cre"),
email = "csardi.gabor@gmail.com")
as necessary.
Flavors: r-devel-linux-x86_64-debian-clang, r-devel-linux-x86_64-debian-gcc