Last updated on 2025-05-19 01:49:50 CEST.
Flavor | Version | Tinstall | Tcheck | Ttotal | Status | Flags |
---|---|---|---|---|---|---|
r-devel-linux-x86_64-debian-clang | 0.0.3 | 54.81 | 66.49 | 121.30 | NOTE | |
r-devel-linux-x86_64-debian-gcc | 0.0.3 | 40.94 | 44.91 | 85.85 | NOTE | |
r-devel-linux-x86_64-fedora-clang | 0.0.3 | 205.75 | NOTE | |||
r-devel-linux-x86_64-fedora-gcc | 0.0.3 | 217.79 | NOTE | |||
r-devel-windows-x86_64 | 0.0.3 | 60.00 | 120.00 | 180.00 | NOTE | |
r-patched-linux-x86_64 | 0.0.3 | 56.54 | 60.81 | 117.35 | NOTE | |
r-release-linux-x86_64 | 0.0.3 | 56.54 | 60.96 | 117.50 | NOTE | |
r-release-macos-arm64 | 0.0.3 | 47.00 | NOTE | |||
r-release-macos-x86_64 | 0.0.3 | 82.00 | NOTE | |||
r-release-windows-x86_64 | 0.0.3 | 64.00 | 106.00 | 170.00 | NOTE | |
r-oldrel-macos-arm64 | 0.0.3 | 50.00 | NOTE | |||
r-oldrel-macos-x86_64 | 0.0.3 | 63.00 | NOTE | |||
r-oldrel-windows-x86_64 | 0.0.3 | 75.00 | 118.00 | 193.00 | NOTE |
Version: 0.0.3
Check: C++ specification
Result: NOTE
Specified C++11: please drop specification unless essential
Flavors: r-devel-linux-x86_64-debian-clang, r-devel-linux-x86_64-debian-gcc, r-devel-linux-x86_64-fedora-clang, r-devel-linux-x86_64-fedora-gcc, r-devel-windows-x86_64, r-patched-linux-x86_64, r-release-linux-x86_64, r-release-macos-arm64, r-release-macos-x86_64, r-release-windows-x86_64, r-oldrel-macos-arm64, r-oldrel-macos-x86_64, r-oldrel-windows-x86_64