Last updated on 2025-04-29 01:49:29 CEST.
Flavor | Version | Tinstall | Tcheck | Ttotal | Status | Flags |
---|---|---|---|---|---|---|
r-devel-linux-x86_64-debian-clang | 0.3.3 | 14.75 | 146.88 | 161.63 | NOTE | |
r-devel-linux-x86_64-debian-gcc | 0.3.3 | 9.80 | 106.81 | 116.61 | NOTE | |
r-devel-linux-x86_64-fedora-clang | 0.3.3 | 255.69 | NOTE | |||
r-devel-linux-x86_64-fedora-gcc | 0.3.3 | 252.85 | NOTE | |||
r-devel-windows-x86_64 | 0.3.3 | 16.00 | 171.00 | 187.00 | NOTE | |
r-patched-linux-x86_64 | 0.3.3 | 16.26 | 151.66 | 167.92 | NOTE | |
r-release-linux-x86_64 | 0.3.3 | 12.79 | 147.80 | 160.59 | NOTE | |
r-release-macos-arm64 | 0.3.3 | 82.00 | OK | |||
r-release-macos-x86_64 | 0.3.3 | 147.00 | OK | |||
r-release-windows-x86_64 | 0.3.3 | 15.00 | 170.00 | 185.00 | NOTE | |
r-oldrel-macos-arm64 | 0.3.3 | 75.00 | OK | |||
r-oldrel-macos-x86_64 | 0.3.3 | 114.00 | OK | |||
r-oldrel-windows-x86_64 | 0.3.3 | 23.00 | 207.00 | 230.00 | OK |
Version: 0.3.3
Check: Rd cross-references
Result: NOTE
Found the following Rd file(s) with Rd \link{} targets missing package
anchors:
coxed.Rd: mgcv, rms
coxed.gam.Rd: mgcv
coxed.gam.tvc.Rd: mgcv
Please provide package anchors for all Rd \link{} targets not in the
package itself and the base packages.
Flavors: r-devel-linux-x86_64-debian-clang, r-devel-linux-x86_64-debian-gcc, r-devel-windows-x86_64, r-patched-linux-x86_64, r-release-linux-x86_64, r-release-windows-x86_64
Version: 0.3.3
Check: CRAN incoming feasibility
Result: NOTE
Maintainer: ‘"Kropko, Jonathan" <jkropko@virginia.edu>’
Found the following URLs which should use \doi (with the DOI name only):
File ‘baseline.build.Rd’:
https://doi.org/10.1017/psrm.2018.19
File ‘bca.Rd’:
https://doi.org/10.1214/ss/1032280214
File ‘coxed-package.Rd’:
https://doi.org/10.1017/psrm.2018.19
https://doi.org/10.1017/S000712341700045X
https://doi.org/10.1137/0904045
https://doi.org/10.1017/S0007123403000140
https://doi.org/10.1002/sim.3092
http://dx.doi.org/10.1080/01621459.2016.1180986
File ‘coxed.Rd’:
https://doi.org/10.1017/S000712341700045X
https://doi.org/10.1214/ss/1032280214
File ‘coxed.gam.Rd’:
https://doi.org/10.1017/S000712341700045X
http://dx.doi.org/10.1080/01621459.2016.1180986
File ‘coxed.gam.tvc.Rd’:
https://doi.org/10.1017/S000712341700045X
File ‘coxed.npsf.Rd’:
https://doi.org/10.1017/S000712341700045X
File ‘coxed.npsf.tvc.Rd’:
https://doi.org/10.1017/S000712341700045X
File ‘generate.lm.Rd’:
https://doi.org/10.1017/psrm.2018.19
File ‘martinvanberg.Rd’:
https://doi.org/10.1017/S0007123403000140
File ‘sim.survdata.Rd’:
https://doi.org/10.1017/psrm.2018.19
File ‘survsim.plot.Rd’:
https://doi.org/10.1017/psrm.2018.19
Flavor: r-devel-linux-x86_64-debian-gcc
Version: 0.3.3
Check: dependencies in R code
Result: NOTE
Namespace in Imports field not imported from: ‘mediation’
All declared Imports should be used.
Flavors: r-devel-linux-x86_64-fedora-clang, r-devel-linux-x86_64-fedora-gcc