Last updated on 2025-04-29 01:49:29 CEST.
Flavor | Version | Tinstall | Tcheck | Ttotal | Status | Flags |
---|---|---|---|---|---|---|
r-devel-linux-x86_64-debian-clang | 0.0.1 | 2.93 | 145.56 | 148.49 | OK | |
r-devel-linux-x86_64-debian-gcc | 0.0.1 | 2.22 | 106.92 | 109.14 | NOTE | |
r-devel-linux-x86_64-fedora-clang | 0.0.1 | 236.50 | OK | |||
r-devel-linux-x86_64-fedora-gcc | 0.0.1 | 239.72 | NOTE | |||
r-devel-windows-x86_64 | 0.0.1 | 5.00 | 195.00 | 200.00 | OK | |
r-patched-linux-x86_64 | 0.0.1 | 3.40 | 145.20 | 148.60 | OK | |
r-release-linux-x86_64 | 0.0.1 | 2.90 | 140.87 | 143.77 | OK | |
r-release-macos-arm64 | 0.0.1 | 81.00 | OK | |||
r-release-macos-x86_64 | 0.0.1 | 175.00 | OK | |||
r-release-windows-x86_64 | 0.0.1 | 4.00 | 209.00 | 213.00 | OK | |
r-oldrel-macos-arm64 | 0.0.1 | 99.00 | OK | |||
r-oldrel-macos-x86_64 | 0.0.1 | 235.00 | OK | |||
r-oldrel-windows-x86_64 | 0.0.1 | 6.00 | 251.00 | 257.00 | OK |
Version: 0.0.1
Check: examples
Result: NOTE
Examples with CPU (user + system) or elapsed time > 5s
user system elapsed
test_srcrefs 4.709 0.572 7.482
test_srcrefs_df 4.563 0.674 6.943
trace_srcrefs_df 4.427 0.664 7.002
test_trace_mapping 4.340 0.641 5.978
Flavor: r-devel-linux-x86_64-debian-gcc
Version: 0.0.1
Check: for non-standard things in the check directory
Result: NOTE
Found the following files/directories:
‘examplepkg’
Flavor: r-devel-linux-x86_64-fedora-gcc