Last updated on 2025-02-22 00:49:42 CET.
Flavor | Version | Tinstall | Tcheck | Ttotal | Status | Flags |
---|---|---|---|---|---|---|
r-devel-linux-x86_64-debian-clang | 0.1.0 | 1.62 | 31.93 | 33.55 | OK | |
r-devel-linux-x86_64-debian-gcc | 0.1.0 | 1.35 | 24.02 | 25.37 | OK | |
r-devel-linux-x86_64-fedora-clang | 0.1.0 | 55.97 | NOTE | |||
r-devel-linux-x86_64-fedora-gcc | 0.1.0 | 52.88 | NOTE | |||
r-devel-macos-arm64 | 0.1.0 | 23.00 | OK | |||
r-devel-macos-x86_64 | 0.1.0 | 37.00 | OK | |||
r-devel-windows-x86_64 | 0.1.0 | 4.00 | 63.00 | 67.00 | OK | |
r-patched-linux-x86_64 | 0.1.0 | 1.85 | 30.70 | 32.55 | NOTE | |
r-release-linux-x86_64 | 0.1.0 | 1.71 | 30.83 | 32.54 | NOTE | |
r-release-macos-arm64 | 0.1.0 | 21.00 | NOTE | |||
r-release-macos-x86_64 | 0.1.0 | 30.00 | NOTE | |||
r-release-windows-x86_64 | 0.1.0 | 3.00 | 85.00 | 88.00 | NOTE | |
r-oldrel-macos-arm64 | 0.1.0 | 25.00 | NOTE | |||
r-oldrel-macos-x86_64 | 0.1.0 | 31.00 | NOTE | |||
r-oldrel-windows-x86_64 | 0.1.0 | 5.00 | 84.00 | 89.00 | NOTE |
Version: 0.1.0
Check: dependencies in R code
Result: NOTE
Namespace in Imports field not imported from: ‘lubridate’
All declared Imports should be used.
Flavors: r-devel-linux-x86_64-fedora-clang, r-devel-linux-x86_64-fedora-gcc
Version: 0.1.0
Check: LazyData
Result: NOTE
'LazyData' is specified without a 'data' directory
Flavors: r-patched-linux-x86_64, r-release-linux-x86_64, r-release-macos-arm64, r-release-macos-x86_64, r-release-windows-x86_64, r-oldrel-macos-arm64, r-oldrel-macos-x86_64, r-oldrel-windows-x86_64