Last updated on 2025-07-21 01:49:01 CEST.
Flavor | Version | Tinstall | Tcheck | Ttotal | Status | Flags |
---|---|---|---|---|---|---|
r-devel-linux-x86_64-debian-clang | 1.2.2 | 9.61 | 96.30 | 105.91 | OK | |
r-devel-linux-x86_64-debian-gcc | 1.2.2 | 6.63 | 68.18 | 74.81 | OK | |
r-devel-linux-x86_64-fedora-clang | 1.2.2 | 156.97 | OK | |||
r-devel-linux-x86_64-fedora-gcc | 1.2.2 | 162.37 | OK | |||
r-devel-windows-x86_64 | 1.2.2 | 11.00 | 120.00 | 131.00 | OK | |
r-patched-linux-x86_64 | 1.2.2 | 9.85 | 86.85 | 96.70 | OK | |
r-release-linux-x86_64 | 1.2.2 | 7.69 | 89.43 | 97.12 | OK | |
r-release-macos-arm64 | 1.2.2 | 58.00 | OK | |||
r-release-macos-x86_64 | 1.2.2 | 103.00 | OK | |||
r-release-windows-x86_64 | 1.2.2 | 15.00 | 130.00 | 145.00 | OK | |
r-oldrel-macos-arm64 | 1.2.2 | 61.00 | NOTE | |||
r-oldrel-macos-x86_64 | 1.2.2 | 104.00 | NOTE | |||
r-oldrel-windows-x86_64 | 1.2.2 | 15.00 | 148.00 | 163.00 | OK |
Version: 1.2.2
Check: installed package size
Result: NOTE
installed size is 6.1Mb
sub-directories of 1Mb or more:
R 2.4Mb
data 1.2Mb
help 2.3Mb
Flavors: r-oldrel-macos-arm64, r-oldrel-macos-x86_64