Last updated on 2025-05-22 13:50:47 CEST.
Flavor | Version | Tinstall | Tcheck | Ttotal | Status | Flags |
---|---|---|---|---|---|---|
r-devel-linux-x86_64-debian-clang | 0.4.4 | 6.67 | 86.46 | 93.13 | NOTE | |
r-devel-linux-x86_64-debian-gcc | 0.4.4 | 3.90 | 61.62 | 65.52 | NOTE | |
r-devel-linux-x86_64-fedora-clang | 0.4.4 | 145.69 | OK | |||
r-devel-linux-x86_64-fedora-gcc | 0.4.4 | 152.25 | OK | |||
r-devel-windows-x86_64 | 0.4.4 | 9.00 | 101.00 | 110.00 | NOTE | |
r-patched-linux-x86_64 | 0.4.4 | 5.97 | 81.18 | 87.15 | NOTE | |
r-release-linux-x86_64 | 0.4.4 | 5.40 | 80.95 | 86.35 | NOTE | |
r-release-macos-arm64 | 0.4.4 | 43.00 | OK | |||
r-release-macos-x86_64 | 0.4.4 | 97.00 | OK | |||
r-release-windows-x86_64 | 0.4.4 | 9.00 | 101.00 | 110.00 | NOTE | |
r-oldrel-macos-arm64 | 0.4.4 | 50.00 | OK | |||
r-oldrel-macos-x86_64 | 0.4.4 | 96.00 | OK | |||
r-oldrel-windows-x86_64 | 0.4.4 | 10.00 | 124.00 | 134.00 | OK |
Version: 0.4.4
Check: Rd cross-references
Result: NOTE
Found the following Rd file(s) with Rd \link{} targets missing package
anchors:
rplot.Rd: geom_point
Please provide package anchors for all Rd \link{} targets not in the
package itself and the base packages.
Flavors: r-devel-linux-x86_64-debian-clang, r-devel-linux-x86_64-debian-gcc, r-devel-windows-x86_64, r-patched-linux-x86_64, r-release-linux-x86_64, r-release-windows-x86_64