Last updated on 2024-06-30 00:59:11 CEST.
Flavor | Version | Tinstall | Tcheck | Ttotal | Status | Flags |
---|---|---|---|---|---|---|
r-devel-linux-x86_64-debian-clang | 1.0.0 | 5.16 | 51.55 | 56.71 | OK | |
r-devel-linux-x86_64-debian-gcc | 1.0.0 | 4.16 | 38.88 | 43.04 | OK | |
r-devel-linux-x86_64-fedora-clang | 1.0.0 | 73.15 | OK | |||
r-devel-linux-x86_64-fedora-gcc | 1.0.0 | 87.17 | OK | |||
r-devel-windows-x86_64 | 1.0.0 | 7.00 | 61.00 | 68.00 | OK | |
r-patched-linux-x86_64 | 1.0.0 | 10.56 | 49.92 | 60.48 | OK | |
r-release-linux-x86_64 | 1.0.0 | 4.84 | 49.82 | 54.66 | OK | |
r-release-macos-arm64 | 1.0.0 | 33.00 | OK | |||
r-release-macos-x86_64 | 1.0.0 | 62.00 | OK | |||
r-release-windows-x86_64 | 1.0.0 | 7.00 | 60.00 | 67.00 | OK | |
r-oldrel-macos-arm64 | 1.0.0 | 36.00 | NOTE | |||
r-oldrel-macos-x86_64 | 1.0.0 | 71.00 | OK | |||
r-oldrel-windows-x86_64 | 1.0.0 | 6.00 | 69.00 | 75.00 | OK |
Version: 1.0.0
Check: R code for possible problems
Result: NOTE
fishp: no visible binding for global variable ‘markname’
fishp: no visible binding for global variable ‘sum_chisq’
fishp: no visible binding for global variable ‘sum_z’
pvalues_to_zscores: no visible binding for global variable ‘markname’
tetracorr: no visible binding for global variable ‘PLCORR’
Undefined global functions or variables:
PLCORR markname sum_chisq sum_z
Flavor: r-oldrel-macos-arm64