Last updated on 2025-07-21 01:49:01 CEST.
Flavor | Version | Tinstall | Tcheck | Ttotal | Status | Flags |
---|---|---|---|---|---|---|
r-devel-linux-x86_64-debian-clang | 1.2.0 | 16.05 | 132.95 | 149.00 | NOTE | |
r-devel-linux-x86_64-debian-gcc | 1.2.0 | 11.93 | 93.96 | 105.89 | NOTE | |
r-devel-linux-x86_64-fedora-clang | 1.2.0 | 221.92 | OK | |||
r-devel-linux-x86_64-fedora-gcc | 1.2.0 | 228.72 | OK | |||
r-devel-windows-x86_64 | 1.2.0 | 17.00 | 122.00 | 139.00 | OK | |
r-patched-linux-x86_64 | 1.2.0 | 16.41 | 126.74 | 143.15 | OK | |
r-release-linux-x86_64 | 1.2.0 | 16.76 | 126.40 | 143.16 | OK | |
r-release-macos-arm64 | 1.2.0 | 82.00 | OK | |||
r-release-macos-x86_64 | 1.2.0 | 142.00 | OK | |||
r-release-windows-x86_64 | 1.2.0 | 18.00 | 125.00 | 143.00 | OK | |
r-oldrel-macos-arm64 | 1.2.0 | 69.00 | OK | |||
r-oldrel-macos-x86_64 | 1.2.0 | 106.00 | OK | |||
r-oldrel-windows-x86_64 | 1.2.0 | 23.00 | 158.00 | 181.00 | OK |
Version: 1.2.0
Check: CRAN incoming feasibility
Result: NOTE
Maintainer: ‘Lei Yang <leiyangslu@gmail.com>’
No Authors@R field in DESCRIPTION.
Please add one, modifying
Authors@R: person(given = "Lei",
family = "Yang",
role = c("aut", "cre"),
email = "leiyangslu@gmail.com")
as necessary.
Flavors: r-devel-linux-x86_64-debian-clang, r-devel-linux-x86_64-debian-gcc