CRAN Package Check Results for Package convertr

Last updated on 2025-07-21 01:49:01 CEST.

Flavor Version Tinstall Tcheck Ttotal Status Flags
r-devel-linux-x86_64-debian-clang 0.1 1.72 19.75 21.47 NOTE
r-devel-linux-x86_64-debian-gcc 0.1 1.55 16.73 18.28 NOTE
r-devel-linux-x86_64-fedora-clang 0.1 33.24 OK
r-devel-linux-x86_64-fedora-gcc 0.1 31.87 OK
r-devel-windows-x86_64 0.1 3.00 41.00 44.00 OK
r-patched-linux-x86_64 0.1 2.03 19.17 21.20 OK
r-release-linux-x86_64 0.1 1.84 18.81 20.65 OK
r-release-macos-arm64 0.1 17.00 OK
r-release-macos-x86_64 0.1 33.00 OK
r-release-windows-x86_64 0.1 5.00 43.00 48.00 OK
r-oldrel-macos-arm64 0.1 16.00 NOTE
r-oldrel-macos-x86_64 0.1 26.00 NOTE
r-oldrel-windows-x86_64 0.1 4.00 45.00 49.00 NOTE

Check Details

Version: 0.1
Check: CRAN incoming feasibility
Result: NOTE Maintainer: ‘Gordon Shotwell <g.e.shotwell@gmail.com>’ Found the following (possibly) invalid file URI: URI: CONDUCT.md From: README.md Flavors: r-devel-linux-x86_64-debian-clang, r-devel-linux-x86_64-debian-gcc

Version: 0.1
Check: LazyData
Result: NOTE 'LazyData' is specified without a 'data' directory Flavors: r-oldrel-macos-arm64, r-oldrel-macos-x86_64, r-oldrel-windows-x86_64