Last updated on 2024-06-30 00:59:11 CEST.
Flavor | Version | Tinstall | Tcheck | Ttotal | Status | Flags |
---|---|---|---|---|---|---|
r-devel-linux-x86_64-debian-clang | 0.2.0 | 14.15 | 83.19 | 97.34 | OK | |
r-devel-linux-x86_64-debian-gcc | 0.2.0 | 13.57 | 60.87 | 74.44 | OK | |
r-devel-linux-x86_64-fedora-clang | 0.2.0 | 124.32 | OK | |||
r-devel-linux-x86_64-fedora-gcc | 0.2.0 | 129.72 | OK | |||
r-devel-windows-x86_64 | 0.2.0 | 15.00 | 90.00 | 105.00 | OK | |
r-patched-linux-x86_64 | 0.2.0 | 16.64 | 77.77 | 94.41 | OK | |
r-release-linux-x86_64 | 0.2.0 | 16.73 | 77.57 | 94.30 | OK | |
r-release-macos-arm64 | 0.2.0 | 44.00 | OK | |||
r-release-macos-x86_64 | 0.2.0 | 115.00 | OK | |||
r-release-windows-x86_64 | 0.2.0 | 14.00 | 91.00 | 105.00 | OK | |
r-oldrel-macos-arm64 | 0.2.0 | 46.00 | ERROR | |||
r-oldrel-macos-x86_64 | 0.2.0 | 99.00 | ERROR | |||
r-oldrel-windows-x86_64 | 0.2.0 | 18.00 | 102.00 | 120.00 | OK |
Version: 0.2.0
Check: running R code from vignettes
Result: ERROR
Errors in running code in vignettes:
when running code in ‘customize-http.Rmd’
...
> library(httr)
> library(connectapi)
> client <- connect()
When sourcing ‘customize-http.R’:
Error: ERROR: Invalid (empty) API key. Please provide a valid API key
Execution halted
‘customize-http.Rmd’ using ‘UTF-8’... failed
‘getting-started.Rmd’ using ‘UTF-8’... [0s/0s] OK
Flavors: r-oldrel-macos-arm64, r-oldrel-macos-x86_64