CRAN Package Check Results for Package conformalClassification

Last updated on 2025-04-29 01:49:29 CEST.

Flavor Version Tinstall Tcheck Ttotal Status Flags
r-devel-linux-x86_64-debian-clang 1.0.0 2.01 23.61 25.62 OK
r-devel-linux-x86_64-debian-gcc 1.0.0 1.59 18.98 20.57 NOTE
r-devel-linux-x86_64-fedora-clang 1.0.0 41.78 OK
r-devel-linux-x86_64-fedora-gcc 1.0.0 39.72 OK
r-devel-windows-x86_64 1.0.0 4.00 47.00 51.00 OK
r-patched-linux-x86_64 1.0.0 2.28 23.17 25.45 OK
r-release-linux-x86_64 1.0.0 1.99 23.40 25.39 OK
r-release-macos-arm64 1.0.0 19.00 OK
r-release-macos-x86_64 1.0.0 32.00 OK
r-release-windows-x86_64 1.0.0 4.00 51.00 55.00 OK
r-oldrel-macos-arm64 1.0.0 18.00 NOTE
r-oldrel-macos-x86_64 1.0.0 27.00 NOTE
r-oldrel-windows-x86_64 1.0.0 4.00 51.00 55.00 NOTE

Check Details

Version: 1.0.0
Check: CRAN incoming feasibility
Result: NOTE Maintainer: ‘Niharika Gauraha <niharika.gauraha@farmbio.uu.se>’ No Authors@R field in DESCRIPTION. Please add one, modifying Authors@R: c(person(given = "Niharika", family = "Gauraha", role = c("aut", "cre"), email = "niharika.gauraha@farmbio.uu.se"), person(given = "Ola", family = "Spjuth", role = "aut")) as necessary. Flavor: r-devel-linux-x86_64-debian-gcc

Version: 1.0.0
Check: LazyData
Result: NOTE 'LazyData' is specified without a 'data' directory Flavors: r-oldrel-macos-arm64, r-oldrel-macos-x86_64, r-oldrel-windows-x86_64