CRAN Package Check Results for Package condvis

Last updated on 2025-07-20 12:49:22 CEST.

Flavor Version Tinstall Tcheck Ttotal Status Flags
r-devel-linux-x86_64-debian-clang 0.5-1 6.01 49.20 55.21 NOTE
r-devel-linux-x86_64-debian-gcc 0.5-1 4.29 35.84 40.13 NOTE
r-devel-linux-x86_64-fedora-clang 0.5-1 78.86 OK
r-devel-linux-x86_64-fedora-gcc 0.5-1 77.82 OK
r-devel-windows-x86_64 0.5-1 6.00 64.00 70.00 OK
r-patched-linux-x86_64 0.5-1 7.07 44.36 51.43 NOTE
r-release-linux-x86_64 0.5-1 6.30 44.72 51.02 NOTE
r-release-macos-arm64 0.5-1 27.00 OK
r-release-macos-x86_64 0.5-1 48.00 OK
r-release-windows-x86_64 0.5-1 7.00 67.00 74.00 OK
r-oldrel-macos-arm64 0.5-1 29.00 OK
r-oldrel-macos-x86_64 0.5-1 39.00 OK
r-oldrel-windows-x86_64 0.5-1 10.00 76.00 86.00 OK

Check Details

Version: 0.5-1
Check: for unstated dependencies in ‘demo’
Result: NOTE 'library' or 'require' call not declared from: ‘e1071’ Flavors: r-devel-linux-x86_64-debian-clang, r-devel-linux-x86_64-debian-gcc, r-patched-linux-x86_64, r-release-linux-x86_64