Last updated on 2025-04-29 01:49:29 CEST.
Flavor | Version | Tinstall | Tcheck | Ttotal | Status | Flags |
---|---|---|---|---|---|---|
r-devel-linux-x86_64-debian-clang | 0.1.6 | 11.79 | 87.04 | 98.83 | NOTE | |
r-devel-linux-x86_64-debian-gcc | 0.1.6 | 8.82 | 67.06 | 75.88 | NOTE | |
r-devel-linux-x86_64-fedora-clang | 0.1.6 | 154.30 | OK | |||
r-devel-linux-x86_64-fedora-gcc | 0.1.6 | 141.06 | OK | |||
r-devel-windows-x86_64 | 0.1.6 | 12.00 | 95.00 | 107.00 | NOTE | |
r-patched-linux-x86_64 | 0.1.6 | 9.04 | 86.77 | 95.81 | NOTE | |
r-release-linux-x86_64 | 0.1.6 | 11.69 | 86.86 | 98.55 | NOTE | |
r-release-macos-arm64 | 0.1.6 | 45.00 | OK | |||
r-release-macos-x86_64 | 0.1.6 | 89.00 | OK | |||
r-release-windows-x86_64 | 0.1.6 | 12.00 | 96.00 | 108.00 | NOTE | |
r-oldrel-macos-arm64 | 0.1.6 | 45.00 | OK | |||
r-oldrel-macos-x86_64 | 0.1.6 | 66.00 | OK | |||
r-oldrel-windows-x86_64 | 0.1.6 | 17.00 | 117.00 | 134.00 | OK |
Version: 0.1.6
Check: Rd cross-references
Result: NOTE
Found the following Rd file(s) with Rd \link{} targets missing package
anchors:
boxesLx.Rd: grViz
mkratetable.Rd: survival, pyears
plotcuminc.Rd: survival, pyears
Please provide package anchors for all Rd \link{} targets not in the
package itself and the base packages.
Flavors: r-devel-linux-x86_64-debian-clang, r-devel-linux-x86_64-debian-gcc, r-devel-windows-x86_64, r-patched-linux-x86_64, r-release-linux-x86_64, r-release-windows-x86_64
Version: 0.1.6
Check: CRAN incoming feasibility
Result: NOTE
Maintainer: ‘Jari Haukka <jari.haukka@helsinki.fi>’
No Authors@R field in DESCRIPTION.
Please add one, modifying
Authors@R: person(given = "Jari",
family = "Haukka",
role = c("aut", "cre"),
email = "jari.haukka@helsinki.fi")
as necessary.
Flavor: r-devel-linux-x86_64-debian-gcc