CRAN Package Check Results for Package coalescentMCMC

Last updated on 2025-07-21 01:49:00 CEST.

Flavor Version Tinstall Tcheck Ttotal Status Flags
r-devel-linux-x86_64-debian-clang 0.4-4 11.34 86.54 97.88 NOTE
r-devel-linux-x86_64-debian-gcc 0.4-4 7.39 64.40 71.79 NOTE
r-devel-linux-x86_64-fedora-clang 0.4-4 151.27 OK
r-devel-linux-x86_64-fedora-gcc 0.4-4 159.95 OK
r-devel-windows-x86_64 0.4-4 14.00 123.00 137.00 OK
r-patched-linux-x86_64 0.4-4 8.95 82.62 91.57 OK
r-release-linux-x86_64 0.4-4 10.56 83.16 93.72 OK
r-release-macos-arm64 0.4-4 63.00 OK
r-release-macos-x86_64 0.4-4 110.00 OK
r-release-windows-x86_64 0.4-4 14.00 124.00 138.00 OK
r-oldrel-macos-arm64 0.4-4 53.00 OK
r-oldrel-macos-x86_64 0.4-4 84.00 OK
r-oldrel-windows-x86_64 0.4-4 15.00 141.00 156.00 OK

Check Details

Version: 0.4-4
Check: CRAN incoming feasibility
Result: NOTE Maintainer: ‘Emmanuel Paradis <Emmanuel.Paradis@ird.fr>’ Package CITATION file contains call(s) to old-style personList() or as.personList(). Please use c() on person objects instead. Package CITATION file contains call(s) to old-style citEntry(). Please use bibentry() instead. Flavors: r-devel-linux-x86_64-debian-clang, r-devel-linux-x86_64-debian-gcc