CRAN Package Check Results for Package cmtest

Last updated on 2025-07-21 01:49:00 CEST.

Flavor Version Tinstall Tcheck Ttotal Status Flags
r-devel-linux-x86_64-debian-clang 0.1-2 2.33 28.28 30.61 OK
r-devel-linux-x86_64-debian-gcc 0.1-2 1.79 22.74 24.53 OK
r-devel-linux-x86_64-fedora-clang 0.1-2 51.08 OK
r-devel-linux-x86_64-fedora-gcc 0.1-2 61.75 OK
r-devel-windows-x86_64 0.1-2 3.00 49.00 52.00 OK
r-patched-linux-x86_64 0.1-2 2.34 27.38 29.72 OK
r-release-linux-x86_64 0.1-2 1.72 26.95 28.67 OK
r-release-macos-arm64 0.1-2 37.00 OK
r-release-macos-x86_64 0.1-2 62.00 OK
r-release-windows-x86_64 0.1-2 3.00 49.00 52.00 OK
r-oldrel-macos-arm64 0.1-2 24.00 NOTE
r-oldrel-macos-x86_64 0.1-2 36.00 NOTE
r-oldrel-windows-x86_64 0.1-2 4.00 54.00 58.00 NOTE

Check Details

Version: 0.1-2
Check: package dependencies
Result: NOTE Package suggested but not available for checking: ‘tobit1’ Flavors: r-oldrel-macos-arm64, r-oldrel-macos-x86_64, r-oldrel-windows-x86_64