CRAN Package Check Results for Package clustringr

Last updated on 2025-07-21 01:49:00 CEST.

Flavor Version Tinstall Tcheck Ttotal Status Flags
r-devel-linux-x86_64-debian-clang 1.0 7.50 61.87 69.37 NOTE
r-devel-linux-x86_64-debian-gcc 1.0 4.60 42.26 46.86 NOTE
r-devel-linux-x86_64-fedora-clang 1.0 104.15 NOTE
r-devel-linux-x86_64-fedora-gcc 1.0 93.81 NOTE
r-devel-windows-x86_64 1.0 8.00 68.00 76.00 OK
r-patched-linux-x86_64 1.0 6.88 53.89 60.77 OK
r-release-linux-x86_64 1.0 7.02 53.11 60.13 OK
r-release-macos-arm64 1.0 29.00 OK
r-release-macos-x86_64 1.0 54.00 OK
r-release-windows-x86_64 1.0 10.00 68.00 78.00 OK
r-oldrel-macos-arm64 1.0 29.00 OK
r-oldrel-macos-x86_64 1.0 50.00 OK
r-oldrel-windows-x86_64 1.0 11.00 83.00 94.00 OK

Check Details

Version: 1.0
Check: CRAN incoming feasibility
Result: NOTE Maintainer: ‘Dan S. Reznik <dreznik@gmail.com>’ No Authors@R field in DESCRIPTION. Please add one, modifying Authors@R: person(given = c("Dan", "S."), family = "Reznik", role = c("aut", "cre"), email = "dreznik@gmail.com") as necessary. Flavors: r-devel-linux-x86_64-debian-clang, r-devel-linux-x86_64-debian-gcc

Version: 1.0
Check: dependencies in R code
Result: NOTE Namespace in Imports field not imported from: ‘stringi’ All declared Imports should be used. Flavors: r-devel-linux-x86_64-fedora-clang, r-devel-linux-x86_64-fedora-gcc