CRAN Package Check Results for Package clusEvol

Last updated on 2025-05-19 01:49:49 CEST.

Flavor Version Tinstall Tcheck Ttotal Status Flags
r-devel-linux-x86_64-debian-clang 1.0.0 11.12 81.86 92.98 NOTE
r-devel-linux-x86_64-debian-gcc 1.0.0 7.77 56.55 64.32 NOTE
r-devel-linux-x86_64-fedora-clang 1.0.0 148.47 OK
r-devel-linux-x86_64-fedora-gcc 1.0.0 139.41 OK
r-devel-windows-x86_64 1.0.0 12.00 94.00 106.00 NOTE
r-patched-linux-x86_64 1.0.0 11.47 77.62 89.09 NOTE
r-release-linux-x86_64 1.0.0 11.04 77.37 88.41 NOTE
r-release-macos-arm64 1.0.0 40.00 OK
r-release-macos-x86_64 1.0.0 78.00 OK
r-release-windows-x86_64 1.0.0 14.00 91.00 105.00 NOTE
r-oldrel-macos-arm64 1.0.0 40.00 OK
r-oldrel-macos-x86_64 1.0.0 61.00 OK
r-oldrel-windows-x86_64 1.0.0 18.00 107.00 125.00 OK

Check Details

Version: 1.0.0
Check: Rd cross-references
Result: NOTE Found the following Rd file(s) with Rd \link{} targets missing package anchors: plot.clusEvol.Rd: ggplot Please provide package anchors for all Rd \link{} targets not in the package itself and the base packages. Flavors: r-devel-linux-x86_64-debian-clang, r-devel-linux-x86_64-debian-gcc, r-devel-windows-x86_64, r-patched-linux-x86_64, r-release-linux-x86_64, r-release-windows-x86_64