CRAN Package Check Results for Package climateStability

Last updated on 2025-04-29 01:49:29 CEST.

Flavor Version Tinstall Tcheck Ttotal Status Flags
r-devel-linux-x86_64-debian-clang 0.1.4 22.54 195.45 217.99 OK
r-devel-linux-x86_64-debian-gcc 0.1.4 12.17 123.15 135.32 NOTE
r-devel-linux-x86_64-fedora-clang 0.1.4 370.53 OK
r-devel-linux-x86_64-fedora-gcc 0.1.4 348.14 OK
r-devel-windows-x86_64 0.1.4 18.00 156.00 174.00 OK
r-patched-linux-x86_64 0.1.4 18.70 186.46 205.16 OK
r-release-linux-x86_64 0.1.4 20.98 187.19 208.17 OK
r-release-macos-arm64 0.1.4 82.00 OK
r-release-macos-x86_64 0.1.4 164.00 OK
r-release-windows-x86_64 0.1.4 17.00 156.00 173.00 OK
r-oldrel-macos-arm64 0.1.4 74.00 OK
r-oldrel-macos-x86_64 0.1.4 120.00 OK
r-oldrel-windows-x86_64 0.1.4 18.00 223.00 241.00 OK

Check Details

Version: 0.1.4
Check: CRAN incoming feasibility
Result: NOTE Maintainer: ‘Hannah Owens <hannah.owens@gmail.com>’ Package CITATION file contains call(s) to old-style citEntry(). Please use bibentry() instead. Flavor: r-devel-linux-x86_64-debian-gcc