Last updated on 2024-06-30 00:59:11 CEST.
Flavor | Version | Tinstall | Tcheck | Ttotal | Status | Flags |
---|---|---|---|---|---|---|
r-devel-linux-x86_64-debian-clang | 1.3.0 | 8.61 | 83.84 | 92.45 | OK | |
r-devel-linux-x86_64-debian-gcc | 1.3.0 | 6.30 | 62.23 | 68.53 | OK | |
r-devel-linux-x86_64-fedora-clang | 1.3.0 | 122.52 | NOTE | |||
r-devel-linux-x86_64-fedora-gcc | 1.3.0 | 125.82 | NOTE | |||
r-devel-windows-x86_64 | 1.3.0 | 9.00 | 84.00 | 93.00 | OK | |
r-patched-linux-x86_64 | 1.3.0 | 8.16 | 78.90 | 87.06 | OK | |
r-release-linux-x86_64 | 1.2.1 | 6.60 | 67.35 | 73.95 | OK | |
r-release-macos-arm64 | 1.3.0 | 50.00 | OK | |||
r-release-macos-x86_64 | 1.3.0 | 110.00 | OK | |||
r-release-windows-x86_64 | 1.3.0 | 10.00 | 100.00 | 110.00 | OK | |
r-oldrel-macos-arm64 | 1.3.0 | 56.00 | OK | |||
r-oldrel-macos-x86_64 | 1.3.0 | 79.00 | OK | |||
r-oldrel-windows-x86_64 | 1.3.0 | 11.00 | 96.00 | 107.00 | OK |
Version: 1.3.0
Check: data for non-ASCII characters
Result: NOTE
Note: found 8737 marked UTF-8 strings
Flavors: r-devel-linux-x86_64-fedora-clang, r-devel-linux-x86_64-fedora-gcc