Last updated on 2025-02-22 00:49:41 CET.
Flavor | Version | Tinstall | Tcheck | Ttotal | Status | Flags |
---|---|---|---|---|---|---|
r-devel-linux-x86_64-debian-clang | 0.7-6 | 3.90 | 43.18 | 47.08 | OK | |
r-devel-linux-x86_64-debian-gcc | 0.7-6 | 0.24 | 1.31 | 1.55 | ERROR | |
r-devel-linux-x86_64-fedora-clang | 0.7-6 | 73.33 | OK | |||
r-devel-linux-x86_64-fedora-gcc | 0.7-6 | 71.67 | OK | |||
r-devel-macos-arm64 | 0.7-6 | 27.00 | OK | |||
r-devel-macos-x86_64 | 0.7-6 | 44.00 | OK | |||
r-devel-windows-x86_64 | 0.7-6 | 5.00 | 70.00 | 75.00 | OK | |
r-patched-linux-x86_64 | 0.7-6 | 4.02 | 40.38 | 44.40 | OK | |
r-release-linux-x86_64 | 0.7-6 | 3.71 | 40.22 | 43.93 | OK | |
r-release-macos-arm64 | 0.7-6 | 25.00 | OK | |||
r-release-macos-x86_64 | 0.7-6 | 42.00 | OK | |||
r-release-windows-x86_64 | 0.7-6 | 4.00 | 61.00 | 65.00 | OK | |
r-oldrel-macos-arm64 | 0.7-6 | 27.00 | OK | |||
r-oldrel-macos-x86_64 | 0.7-6 | 67.00 | OK | |||
r-oldrel-windows-x86_64 | 0.7-6 | 4.00 | 71.00 | 75.00 | OK |
Version: 0.7-6
Check: package dependencies
Result: ERROR
Package required but not available: ‘Rgraphviz’
See section ‘The DESCRIPTION file’ in the ‘Writing R Extensions’
manual.
Flavor: r-devel-linux-x86_64-debian-gcc