Last updated on 2025-04-29 01:49:29 CEST.
Flavor | Version | Tinstall | Tcheck | Ttotal | Status | Flags |
---|---|---|---|---|---|---|
r-devel-linux-x86_64-debian-clang | 0.4.2 | 2.06 | 28.08 | 30.14 | NOTE | |
r-devel-linux-x86_64-debian-gcc | 0.4.2 | 1.81 | 24.14 | 25.95 | NOTE | |
r-devel-linux-x86_64-fedora-clang | 0.4.2 | 51.15 | NOTE | |||
r-devel-linux-x86_64-fedora-gcc | 0.4.2 | 61.26 | NOTE | |||
r-devel-windows-x86_64 | 0.4.2 | 3.00 | 54.00 | 57.00 | NOTE | |
r-patched-linux-x86_64 | 0.4.2 | 2.17 | 27.38 | 29.55 | NOTE | |
r-release-linux-x86_64 | 0.4.2 | 2.21 | 27.12 | 29.33 | NOTE | |
r-release-macos-arm64 | 0.4.2 | 31.00 | NOTE | |||
r-release-macos-x86_64 | 0.4.2 | 67.00 | NOTE | |||
r-release-windows-x86_64 | 0.4.2 | 4.00 | 57.00 | 61.00 | NOTE | |
r-oldrel-macos-arm64 | 0.4.2 | 31.00 | NOTE | |||
r-oldrel-macos-x86_64 | 0.4.2 | 58.00 | NOTE | |||
r-oldrel-windows-x86_64 | 0.4.2 | 5.00 | 58.00 | 63.00 | NOTE |
Version: 0.4.2
Check: Rd files
Result: NOTE
checkRd: (-1) get_langs.Rd:13: Lost braces
13 | character vector listing all the languages that tag API call supports. See \code{\link{tag_images}} and code{\link{tag_image_urls}}
| ^
Flavors: r-devel-linux-x86_64-debian-clang, r-devel-linux-x86_64-debian-gcc, r-devel-linux-x86_64-fedora-clang, r-devel-linux-x86_64-fedora-gcc, r-devel-windows-x86_64, r-patched-linux-x86_64, r-release-linux-x86_64, r-release-macos-arm64, r-release-macos-x86_64, r-release-windows-x86_64, r-oldrel-macos-arm64, r-oldrel-macos-x86_64, r-oldrel-windows-x86_64
Version: 0.4.2
Check: CRAN incoming feasibility
Result: NOTE
Maintainer: ‘Gaurav Sood <gsood07@gmail.com>’
Package CITATION file contains call(s) to old-style personList() or
as.personList(). Please use c() on person objects instead.
Package CITATION file contains call(s) to old-style citEntry(). Please
use bibentry() instead.
Flavor: r-devel-linux-x86_64-debian-gcc
Version: 0.4.2
Check: LazyData
Result: NOTE
'LazyData' is specified without a 'data' directory
Flavors: r-oldrel-macos-arm64, r-oldrel-macos-x86_64, r-oldrel-windows-x86_64