Last updated on 2025-05-19 01:49:48 CEST.
Flavor | Version | Tinstall | Tcheck | Ttotal | Status | Flags |
---|---|---|---|---|---|---|
r-devel-linux-x86_64-debian-clang | 0.3.1 | 2.32 | 30.08 | 32.40 | NOTE | |
r-devel-linux-x86_64-debian-gcc | 0.3.1 | 1.92 | 23.76 | 25.68 | NOTE | |
r-devel-linux-x86_64-fedora-clang | 0.3.1 | 52.67 | OK | |||
r-devel-linux-x86_64-fedora-gcc | 0.3.1 | 68.08 | OK | |||
r-devel-windows-x86_64 | 0.3.1 | 6.00 | 67.00 | 73.00 | OK | |
r-patched-linux-x86_64 | 0.3.1 | 2.47 | 28.49 | 30.96 | OK | |
r-release-linux-x86_64 | 0.3.1 | 2.28 | 28.73 | 31.01 | OK | |
r-release-macos-arm64 | 0.3.1 | 29.00 | OK | |||
r-release-macos-x86_64 | 0.3.1 | 60.00 | OK | |||
r-release-windows-x86_64 | 0.3.1 | 4.00 | 65.00 | 69.00 | OK | |
r-oldrel-macos-arm64 | 0.3.1 | 32.00 | OK | |||
r-oldrel-macos-x86_64 | 0.3.1 | 48.00 | OK | |||
r-oldrel-windows-x86_64 | 0.3.1 | 3.00 | 61.00 | 64.00 | OK |
Version: 0.3.1
Check: CRAN incoming feasibility
Result: NOTE
Maintainer: ‘William Nickols <willnickols@college.harvard.edu>’
No Authors@R field in DESCRIPTION.
Please add one, modifying
Authors@R: person(given = "William",
family = "Nickols",
role = c("aut", "cre"),
email = "willnickols@college.harvard.edu")
as necessary.
Flavors: r-devel-linux-x86_64-debian-clang, r-devel-linux-x86_64-debian-gcc