Last updated on 2024-08-16 12:49:05 CEST.
Flavor | Version | Tinstall | Tcheck | Ttotal | Status | Flags |
---|---|---|---|---|---|---|
r-devel-linux-x86_64-debian-clang | 0.3 | 4.46 | 55.68 | 60.14 | OK | |
r-devel-linux-x86_64-debian-gcc | 0.3 | 3.37 | 39.67 | 43.04 | OK | |
r-devel-linux-x86_64-fedora-clang | 0.3 | 102.78 | NOTE | |||
r-devel-linux-x86_64-fedora-gcc | 0.3 | 105.23 | NOTE | |||
r-devel-windows-x86_64 | 0.3 | 7.00 | 81.00 | 88.00 | OK | |
r-patched-linux-x86_64 | 0.3 | 5.64 | 53.68 | 59.32 | OK | |
r-release-linux-x86_64 | 0.3 | 4.66 | 53.75 | 58.41 | OK | |
r-release-macos-arm64 | 0.3 | 42.00 | OK | |||
r-release-macos-x86_64 | 0.3 | 55.00 | OK | |||
r-release-windows-x86_64 | 0.3 | 7.00 | 81.00 | 88.00 | OK | |
r-oldrel-macos-arm64 | 0.3 | 37.00 | OK | |||
r-oldrel-macos-x86_64 | 0.3 | 50.00 | OK | |||
r-oldrel-windows-x86_64 | 0.3 | 8.00 | 93.00 | 101.00 | OK |
Version: 0.3
Check: dependencies in R code
Result: NOTE
Namespaces in Imports field not imported from:
‘DT’ ‘dplyr’ ‘prettydoc’ ‘rmdformats’ ‘skimr’
All declared Imports should be used.
Flavors: r-devel-linux-x86_64-fedora-clang, r-devel-linux-x86_64-fedora-gcc