Last updated on 2025-02-22 00:49:41 CET.
Flavor | Version | Tinstall | Tcheck | Ttotal | Status | Flags |
---|---|---|---|---|---|---|
r-devel-linux-x86_64-debian-clang | 0.2.3 | 8.92 | 76.58 | 85.50 | OK | |
r-devel-linux-x86_64-debian-gcc | 0.2.3 | 6.60 | 53.41 | 60.01 | OK | |
r-devel-linux-x86_64-fedora-clang | 0.2.3 | 131.10 | OK | |||
r-devel-linux-x86_64-fedora-gcc | 0.2.3 | 142.58 | OK | |||
r-devel-macos-arm64 | 0.2.3 | 38.00 | OK | |||
r-devel-macos-x86_64 | 0.2.3 | 97.00 | OK | |||
r-devel-windows-x86_64 | 0.2.3 | 13.00 | 120.00 | 133.00 | OK | |
r-patched-linux-x86_64 | 0.2.3 | 10.98 | 73.65 | 84.63 | NOTE | |
r-release-linux-x86_64 | 0.2.3 | 10.17 | 73.94 | 84.11 | NOTE | |
r-release-macos-arm64 | 0.2.3 | 36.00 | NOTE | |||
r-release-macos-x86_64 | 0.2.3 | 57.00 | NOTE | |||
r-release-windows-x86_64 | 0.2.3 | 13.00 | 103.00 | 116.00 | NOTE | |
r-oldrel-macos-arm64 | 0.2.3 | 70.00 | NOTE | |||
r-oldrel-macos-x86_64 | 0.2.3 | 58.00 | NOTE | |||
r-oldrel-windows-x86_64 | 0.2.3 | 14.00 | 111.00 | 125.00 | NOTE |
Version: 0.2.3
Check: LazyData
Result: NOTE
'LazyData' is specified without a 'data' directory
Flavors: r-patched-linux-x86_64, r-release-linux-x86_64, r-release-macos-arm64, r-release-macos-x86_64, r-release-windows-x86_64, r-oldrel-macos-arm64, r-oldrel-macos-x86_64, r-oldrel-windows-x86_64