Last updated on 2025-05-19 01:49:48 CEST.
Flavor | Version | Tinstall | Tcheck | Ttotal | Status | Flags |
---|---|---|---|---|---|---|
r-devel-linux-x86_64-debian-clang | 0.1.1 | 1.59 | 22.34 | 23.93 | NOTE | |
r-devel-linux-x86_64-debian-gcc | 0.1.1 | 1.56 | 18.22 | 19.78 | NOTE | |
r-devel-linux-x86_64-fedora-clang | 0.1.1 | 38.26 | OK | |||
r-devel-linux-x86_64-fedora-gcc | 0.1.1 | 39.34 | OK | |||
r-devel-windows-x86_64 | 0.1.1 | 3.00 | 60.00 | 63.00 | NOTE | |
r-patched-linux-x86_64 | 0.1.1 | 2.17 | 21.26 | 23.43 | NOTE | |
r-release-linux-x86_64 | 0.1.1 | 1.69 | 21.98 | 23.67 | NOTE | |
r-release-macos-arm64 | 0.1.1 | 20.00 | OK | |||
r-release-macos-x86_64 | 0.1.1 | 35.00 | OK | |||
r-release-windows-x86_64 | 0.1.1 | 3.00 | 57.00 | 60.00 | NOTE | |
r-oldrel-macos-arm64 | 0.1.1 | 27.00 | OK | |||
r-oldrel-macos-x86_64 | 0.1.1 | 26.00 | OK | |||
r-oldrel-windows-x86_64 | 0.1.1 | 3.00 | 51.00 | 54.00 | OK |
Version: 0.1.1
Check: Rd cross-references
Result: NOTE
Found the following Rd file(s) with Rd \link{} targets missing package
anchors:
changepointsVar-package.Rd: lars
jumpointsVar.Rd: lars
Please provide package anchors for all Rd \link{} targets not in the
package itself and the base packages.
Flavors: r-devel-linux-x86_64-debian-clang, r-devel-linux-x86_64-debian-gcc, r-devel-windows-x86_64, r-patched-linux-x86_64, r-release-linux-x86_64, r-release-windows-x86_64