CRAN Package Check Results for Package cencrne

Last updated on 2025-07-17 12:49:55 CEST.

Flavor Version Tinstall Tcheck Ttotal Status Flags
r-devel-linux-x86_64-debian-clang 1.0.0 7.68 60.85 68.53 OK
r-devel-linux-x86_64-debian-gcc 1.0.0 5.16 45.72 50.88 OK
r-devel-linux-x86_64-fedora-clang 1.0.0 106.71 NOTE
r-devel-linux-x86_64-fedora-gcc 1.0.0 117.13 NOTE
r-devel-windows-x86_64 1.0.0 8.00 74.00 82.00 OK
r-patched-linux-x86_64 1.0.0 6.29 58.99 65.28 OK
r-release-linux-x86_64 1.0.0 6.83 59.33 66.16 OK
r-release-macos-arm64 1.0.0 50.00 OK
r-release-macos-x86_64 1.0.0 103.00 OK
r-release-windows-x86_64 1.0.0 8.00 74.00 82.00 OK
r-oldrel-macos-arm64 1.0.0 37.00 OK
r-oldrel-macos-x86_64 1.0.0 96.00 OK
r-oldrel-windows-x86_64 1.0.0 10.00 92.00 102.00 OK

Check Details

Version: 1.0.0
Check: dependencies in R code
Result: NOTE Namespace in Imports field not imported from: ‘MASS’ All declared Imports should be used. Flavors: r-devel-linux-x86_64-fedora-clang, r-devel-linux-x86_64-fedora-gcc