Last updated on 2025-04-29 01:49:28 CEST.
Flavor | Version | Tinstall | Tcheck | Ttotal | Status | Flags |
---|---|---|---|---|---|---|
r-devel-linux-x86_64-debian-clang | 0.2 | 2.52 | 28.52 | 31.04 | OK | |
r-devel-linux-x86_64-debian-gcc | 0.2 | 1.70 | 21.16 | 22.86 | NOTE | |
r-devel-linux-x86_64-fedora-clang | 0.2 | 47.96 | OK | |||
r-devel-linux-x86_64-fedora-gcc | 0.2 | 46.24 | OK | |||
r-devel-windows-x86_64 | 0.2 | 4.00 | 57.00 | 61.00 | OK | |
r-patched-linux-x86_64 | 0.2 | 2.56 | 27.31 | 29.87 | OK | |
r-release-linux-x86_64 | 0.2 | 2.33 | 27.31 | 29.64 | OK | |
r-release-macos-arm64 | 0.2 | 21.00 | OK | |||
r-release-macos-x86_64 | 0.2 | 43.00 | OK | |||
r-release-windows-x86_64 | 0.2 | 3.00 | 61.00 | 64.00 | OK | |
r-oldrel-macos-arm64 | 0.2 | 19.00 | OK | |||
r-oldrel-macos-x86_64 | 0.2 | 28.00 | OK | |||
r-oldrel-windows-x86_64 | 0.2 | 5.00 | 62.00 | 67.00 | OK |
Version: 0.2
Check: CRAN incoming feasibility
Result: NOTE
Maintainer: ‘Andre Fujita <andrefujita@usp.br>’
The Description field contains
structures (Relvas C. & Fujita A., (2020) <arXiv:2004.02333>).
Please refer to arXiv e-prints via their arXiv DOI <doi:10.48550/arXiv.YYMM.NNNNN>.
Flavor: r-devel-linux-x86_64-debian-gcc