CRAN Package Check Results for Package cdom

Last updated on 2025-07-21 01:49:00 CEST.

Flavor Version Tinstall Tcheck Ttotal Status Flags
r-devel-linux-x86_64-debian-clang 0.1.0 6.02 47.75 53.77 NOTE
r-devel-linux-x86_64-debian-gcc 0.1.0 3.50 35.16 38.66 NOTE
r-devel-linux-x86_64-fedora-clang 0.1.0 82.72 OK
r-devel-linux-x86_64-fedora-gcc 0.1.0 79.83 OK
r-devel-windows-x86_64 0.1.0 6.00 59.00 65.00 OK
r-patched-linux-x86_64 0.1.0 5.87 43.96 49.83 OK
r-release-linux-x86_64 0.1.0 5.27 44.63 49.90 OK
r-release-macos-arm64 0.1.0 25.00 OK
r-release-macos-x86_64 0.1.0 65.00 OK
r-release-windows-x86_64 0.1.0 8.00 62.00 70.00 OK
r-oldrel-macos-arm64 0.1.0 26.00 OK
r-oldrel-macos-x86_64 0.1.0 44.00 OK
r-oldrel-windows-x86_64 0.1.0 8.00 78.00 86.00 OK

Check Details

Version: 0.1.0
Check: CRAN incoming feasibility
Result: NOTE Maintainer: ‘Philippe Massicotte <pm@bios.au.dk>’ Package CITATION file contains call(s) to old-style personList() or as.personList(). Please use c() on person objects instead. Package CITATION file contains call(s) to old-style citEntry(). Please use bibentry() instead. Flavors: r-devel-linux-x86_64-debian-clang, r-devel-linux-x86_64-debian-gcc