Last updated on 2025-05-19 01:49:48 CEST.
Flavor | Version | Tinstall | Tcheck | Ttotal | Status | Flags |
---|---|---|---|---|---|---|
r-devel-linux-x86_64-debian-clang | 0.3.5 | 5.85 | 34.67 | 40.52 | NOTE | |
r-devel-linux-x86_64-debian-gcc | 0.3.5 | 3.92 | 24.75 | 28.67 | NOTE | |
r-devel-linux-x86_64-fedora-clang | 0.3.5 | 62.54 | OK | |||
r-devel-linux-x86_64-fedora-gcc | 0.3.5 | 59.42 | OK | |||
r-devel-windows-x86_64 | 0.3.5 | 7.00 | 56.00 | 63.00 | OK | |
r-patched-linux-x86_64 | 0.3.5 | 5.34 | 31.64 | 36.98 | OK | |
r-release-linux-x86_64 | 0.3.5 | 4.35 | 31.96 | 36.31 | OK | |
r-release-macos-arm64 | 0.3.5 | 23.00 | OK | |||
r-release-macos-x86_64 | 0.3.5 | 37.00 | OK | |||
r-release-windows-x86_64 | 0.3.5 | 7.00 | 54.00 | 61.00 | OK | |
r-oldrel-macos-arm64 | 0.3.5 | 26.00 | OK | |||
r-oldrel-macos-x86_64 | 0.3.5 | 38.00 | OK | |||
r-oldrel-windows-x86_64 | 0.3.5 | 9.00 | 59.00 | 68.00 | OK |
Version: 0.3.5
Check: DESCRIPTION meta-information
Result: NOTE
Author field differs from that derived from Authors@R
Author: ‘Ang Yu [aut, cre, cph] (<https://ang-yu.github.io/>, <https://orcid.org/0000-0002-1828-0165>)’
Authors@R: ‘Ang Yu [aut, cre, cph] (website: <https://ang-yu.github.io/>, ORCID: <https://orcid.org/0000-0002-1828-0165>)’
Flavors: r-devel-linux-x86_64-debian-clang, r-devel-linux-x86_64-debian-gcc