Last updated on 2024-08-16 12:49:05 CEST.
Flavor | Version | Tinstall | Tcheck | Ttotal | Status | Flags |
---|---|---|---|---|---|---|
r-devel-linux-x86_64-debian-clang | 0.1.0 | 11.02 | 84.71 | 95.73 | OK | |
r-devel-linux-x86_64-debian-gcc | 0.1.0 | 8.65 | 60.58 | 69.23 | OK | |
r-devel-linux-x86_64-fedora-clang | 0.1.0 | 154.38 | NOTE | |||
r-devel-linux-x86_64-fedora-gcc | 0.1.0 | 143.06 | NOTE | |||
r-devel-windows-x86_64 | 0.1.0 | 13.00 | 91.00 | 104.00 | OK | |
r-patched-linux-x86_64 | 0.1.0 | 11.16 | 81.77 | 92.93 | OK | |
r-release-linux-x86_64 | 0.1.0 | 10.43 | 80.03 | 90.46 | OK | |
r-release-macos-arm64 | 0.1.0 | 43.00 | OK | |||
r-release-macos-x86_64 | 0.1.0 | 123.00 | OK | |||
r-release-windows-x86_64 | 0.1.0 | 14.00 | 91.00 | 105.00 | OK | |
r-oldrel-macos-arm64 | 0.1.0 | 43.00 | OK | |||
r-oldrel-macos-x86_64 | 0.1.0 | 78.00 | OK | |||
r-oldrel-windows-x86_64 | 0.1.0 | 16.00 | 113.00 | 129.00 | OK |
Version: 0.1.0
Check: dependencies in R code
Result: NOTE
Namespace in Imports field not imported from: ‘methods’
All declared Imports should be used.
Flavors: r-devel-linux-x86_64-fedora-clang, r-devel-linux-x86_64-fedora-gcc