Last updated on 2024-08-16 12:49:04 CEST.
Flavor | Version | Tinstall | Tcheck | Ttotal | Status | Flags |
---|---|---|---|---|---|---|
r-devel-linux-x86_64-debian-clang | 0.2.3 | 31.45 | 142.64 | 174.09 | OK | |
r-devel-linux-x86_64-debian-gcc | 0.2.3 | 26.61 | 85.71 | 112.32 | OK | |
r-devel-linux-x86_64-fedora-clang | 0.2.3 | 286.35 | OK | |||
r-devel-linux-x86_64-fedora-gcc | 0.2.3 | 309.63 | OK | |||
r-devel-windows-x86_64 | 0.2.3 | 40.00 | 179.00 | 219.00 | OK | |
r-patched-linux-x86_64 | 0.2.3 | 34.22 | 131.74 | 165.96 | OK | |
r-release-linux-x86_64 | 0.2.3 | 38.21 | 131.66 | 169.87 | OK | |
r-release-macos-arm64 | 0.2.3 | 84.00 | NOTE | |||
r-release-macos-x86_64 | 0.2.3 | 138.00 | NOTE | |||
r-release-windows-x86_64 | 0.2.3 | 39.00 | 180.00 | 219.00 | OK | |
r-oldrel-macos-arm64 | 0.2.3 | 102.00 | NOTE | |||
r-oldrel-macos-x86_64 | 0.2.3 | 161.00 | NOTE | |||
r-oldrel-windows-x86_64 | 0.2.3 | 47.00 | 215.00 | 262.00 | OK |
Version: 0.2.3
Check: installed package size
Result: NOTE
installed size is 6.6Mb
sub-directories of 1Mb or more:
libs 6.3Mb
Flavors: r-release-macos-arm64, r-release-macos-x86_64, r-oldrel-macos-arm64, r-oldrel-macos-x86_64