Last updated on 2025-05-19 01:49:48 CEST.
Flavor | Version | Tinstall | Tcheck | Ttotal | Status | Flags |
---|---|---|---|---|---|---|
r-devel-linux-x86_64-debian-clang | 1.5.0 | 106.72 | 127.08 | 233.80 | NOTE | |
r-devel-linux-x86_64-debian-gcc | 1.5.0 | 73.80 | 88.17 | 161.97 | NOTE | |
r-devel-linux-x86_64-fedora-clang | 1.5.0 | 455.46 | NOTE | |||
r-devel-linux-x86_64-fedora-gcc | 1.5.0 | 421.86 | NOTE | |||
r-devel-windows-x86_64 | 1.5.0 | 154.00 | 175.00 | 329.00 | NOTE | |
r-patched-linux-x86_64 | 1.5.0 | 104.10 | 122.89 | 226.99 | NOTE | |
r-release-linux-x86_64 | 1.5.0 | 100.79 | 119.78 | 220.57 | NOTE | |
r-release-macos-arm64 | 1.5.0 | 114.00 | NOTE | |||
r-release-macos-x86_64 | 1.5.0 | 143.00 | NOTE | |||
r-release-windows-x86_64 | 1.5.0 | 152.00 | 177.00 | 329.00 | NOTE | |
r-oldrel-macos-arm64 | 1.5.0 | 58.00 | NOTE | |||
r-oldrel-macos-x86_64 | 1.5.0 | 80.00 | NOTE | |||
r-oldrel-windows-x86_64 | 1.5.0 | 168.00 | 203.00 | 371.00 | NOTE |
Version: 1.5.0
Check: C++ specification
Result: NOTE
Specified C++11: please drop specification unless essential
Flavors: r-devel-linux-x86_64-debian-clang, r-devel-linux-x86_64-debian-gcc, r-devel-linux-x86_64-fedora-clang, r-devel-linux-x86_64-fedora-gcc, r-devel-windows-x86_64, r-patched-linux-x86_64, r-release-linux-x86_64, r-release-macos-arm64, r-release-macos-x86_64, r-release-windows-x86_64, r-oldrel-macos-arm64, r-oldrel-macos-x86_64, r-oldrel-windows-x86_64
Version: 1.5.0
Check: installed package size
Result: NOTE
installed size is 7.1Mb
sub-directories of 1Mb or more:
libs 6.2Mb
Flavors: r-oldrel-macos-arm64, r-oldrel-macos-x86_64
Version: 1.5.0
Check: for GNU extensions in Makefiles
Result: NOTE
GNU make is a SystemRequirements.
Flavors: r-oldrel-macos-arm64, r-oldrel-macos-x86_64, r-oldrel-windows-x86_64