Last updated on 2024-07-13 12:48:11 CEST.
Flavor | Version | Tinstall | Tcheck | Ttotal | Status | Flags |
---|---|---|---|---|---|---|
r-devel-linux-x86_64-debian-clang | 1.5.0 | 234.17 | 151.35 | 385.52 | NOTE | |
r-devel-linux-x86_64-debian-gcc | 1.5.0 | 147.86 | 107.99 | 255.85 | NOTE | |
r-devel-linux-x86_64-fedora-clang | 1.5.0 | 600.70 | NOTE | |||
r-devel-linux-x86_64-fedora-gcc | 1.5.0 | 535.69 | NOTE | |||
r-devel-windows-x86_64 | 1.5.0 | 190.00 | 154.00 | 344.00 | NOTE | |
r-patched-linux-x86_64 | 1.5.0 | 187.84 | 139.87 | 327.71 | NOTE | |
r-release-linux-x86_64 | 1.5.0 | 179.57 | 139.09 | 318.66 | NOTE | |
r-release-macos-arm64 | 1.5.0 | 100.00 | NOTE | |||
r-release-macos-x86_64 | 1.5.0 | 169.00 | NOTE | |||
r-release-windows-x86_64 | 1.5.0 | 195.00 | 148.00 | 343.00 | NOTE | |
r-oldrel-macos-arm64 | 1.5.0 | 129.00 | NOTE | |||
r-oldrel-macos-x86_64 | 1.5.0 | 193.00 | NOTE | |||
r-oldrel-windows-x86_64 | 1.5.0 | 232.00 | 187.00 | 419.00 | NOTE |
Version: 1.5.0
Check: C++ specification
Result: NOTE
Specified C++11: please drop specification unless essential
Flavors: r-devel-linux-x86_64-debian-clang, r-devel-linux-x86_64-debian-gcc, r-devel-linux-x86_64-fedora-clang, r-devel-linux-x86_64-fedora-gcc, r-devel-windows-x86_64, r-patched-linux-x86_64, r-release-linux-x86_64, r-release-macos-arm64, r-release-macos-x86_64, r-release-windows-x86_64, r-oldrel-macos-arm64, r-oldrel-macos-x86_64, r-oldrel-windows-x86_64
Version: 1.5.0
Check: for GNU extensions in Makefiles
Result: NOTE
GNU make is a SystemRequirements.
Flavors: r-devel-linux-x86_64-debian-clang, r-devel-linux-x86_64-debian-gcc, r-devel-linux-x86_64-fedora-clang, r-devel-linux-x86_64-fedora-gcc, r-devel-windows-x86_64, r-patched-linux-x86_64, r-release-linux-x86_64, r-release-macos-arm64, r-release-macos-x86_64, r-release-windows-x86_64, r-oldrel-macos-arm64, r-oldrel-macos-x86_64, r-oldrel-windows-x86_64
Version: 1.5.0
Check: installed package size
Result: NOTE
installed size is 7.3Mb
sub-directories of 1Mb or more:
libs 6.4Mb
Flavors: r-release-macos-arm64, r-release-macos-x86_64, r-oldrel-macos-arm64, r-oldrel-macos-x86_64