Last updated on 2025-04-29 01:49:28 CEST.
Flavor | Version | Tinstall | Tcheck | Ttotal | Status | Flags |
---|---|---|---|---|---|---|
r-devel-linux-x86_64-debian-clang | 0.2.0 | 6.35 | 95.13 | 101.48 | OK | |
r-devel-linux-x86_64-debian-gcc | 0.2.0 | 4.80 | 66.02 | 70.82 | NOTE | |
r-devel-linux-x86_64-fedora-clang | 0.2.0 | 163.04 | OK | |||
r-devel-linux-x86_64-fedora-gcc | 0.2.0 | 164.18 | OK | |||
r-devel-windows-x86_64 | 0.2.0 | 8.00 | 108.00 | 116.00 | OK | |
r-patched-linux-x86_64 | 0.2.0 | 6.32 | 92.76 | 99.08 | OK | |
r-release-linux-x86_64 | 0.2.0 | 6.49 | 92.89 | 99.38 | OK | |
r-release-macos-arm64 | 0.2.0 | 49.00 | OK | |||
r-release-macos-x86_64 | 0.2.0 | 115.00 | OK | |||
r-release-windows-x86_64 | 0.2.0 | 10.00 | 104.00 | 114.00 | OK | |
r-oldrel-macos-arm64 | 0.2.0 | 50.00 | OK | |||
r-oldrel-macos-x86_64 | 0.2.0 | 147.00 | OK | |||
r-oldrel-windows-x86_64 | 0.2.0 | 12.00 | 134.00 | 146.00 | OK |
Version: 0.2.0
Check: examples
Result: NOTE
Examples with CPU (user + system) or elapsed time > 5s
user system elapsed
ComputeCI 3.414 0.139 5.307
Flavor: r-devel-linux-x86_64-debian-gcc