Last updated on 2024-08-16 12:49:04 CEST.
Flavor | Version | Tinstall | Tcheck | Ttotal | Status | Flags |
---|---|---|---|---|---|---|
r-devel-linux-x86_64-debian-clang | 3.1.4 | 15.18 | 140.34 | 155.52 | NOTE | |
r-devel-linux-x86_64-debian-gcc | 3.1.4 | 11.13 | 94.98 | 106.11 | NOTE | |
r-devel-linux-x86_64-fedora-clang | 3.1.4 | 261.55 | OK | |||
r-devel-linux-x86_64-fedora-gcc | 3.1.4 | 261.77 | OK | |||
r-devel-windows-x86_64 | 3.1.4 | 22.00 | 175.00 | 197.00 | NOTE | |
r-patched-linux-x86_64 | 3.1.4 | 19.62 | 131.71 | 151.33 | OK | |
r-release-linux-x86_64 | 3.1.4 | 13.71 | 132.13 | 145.84 | OK | |
r-release-macos-arm64 | 3.1.4 | 71.00 | OK | |||
r-release-macos-x86_64 | 3.1.4 | 112.00 | OK | |||
r-release-windows-x86_64 | 3.1.4 | 24.00 | 177.00 | 201.00 | OK | |
r-oldrel-macos-arm64 | 3.1.4 | 107.00 | OK | |||
r-oldrel-macos-x86_64 | 3.1.4 | 174.00 | OK | |||
r-oldrel-windows-x86_64 | 3.1.4 | 25.00 | 218.00 | 243.00 | OK |
Version: 3.1.4
Check: Rd cross-references
Result: NOTE
Found the following Rd file(s) with Rd \link{} targets missing package
anchors:
dotDensityLayer.Rd: st_sample
Please provide package anchors for all Rd \link{} targets not in the
package itself and the base packages.
Flavors: r-devel-linux-x86_64-debian-clang, r-devel-linux-x86_64-debian-gcc, r-devel-windows-x86_64