Last updated on 2025-05-19 01:49:48 CEST.
Flavor | Version | Tinstall | Tcheck | Ttotal | Status | Flags |
---|---|---|---|---|---|---|
r-devel-linux-x86_64-debian-clang | 0.1.1 | 8.52 | 102.78 | 111.30 | NOTE | |
r-devel-linux-x86_64-debian-gcc | 0.1.1 | 7.57 | 70.69 | 78.26 | NOTE | |
r-devel-linux-x86_64-fedora-clang | 0.1.1 | 174.49 | NOTE | |||
r-devel-linux-x86_64-fedora-gcc | 0.1.1 | 195.01 | NOTE | |||
r-devel-windows-x86_64 | 0.1.1 | 10.00 | 118.00 | 128.00 | NOTE | |
r-patched-linux-x86_64 | 0.1.1 | 10.03 | 95.91 | 105.94 | NOTE | |
r-release-linux-x86_64 | 0.1.1 | 9.47 | 95.48 | 104.95 | NOTE | |
r-release-macos-arm64 | 0.1.1 | 60.00 | NOTE | |||
r-release-macos-x86_64 | 0.1.1 | 132.00 | OK | |||
r-release-windows-x86_64 | 0.1.1 | 13.00 | 109.00 | 122.00 | NOTE | |
r-oldrel-macos-arm64 | 0.1.1 | 60.00 | OK | |||
r-oldrel-macos-x86_64 | 0.1.1 | 100.00 | OK | |||
r-oldrel-windows-x86_64 | 0.1.1 | 15.00 | 151.00 | 166.00 | OK |
Version: 0.1.1
Check: DESCRIPTION meta-information
Result: NOTE
Missing dependency on R >= 4.2.0 because package code uses the pipe
placeholder syntax added in R 4.2.0.
File(s) using such syntax:
‘cosinor-constructor.R’
Flavors: r-devel-linux-x86_64-debian-clang, r-devel-linux-x86_64-debian-gcc, r-devel-linux-x86_64-fedora-clang, r-devel-linux-x86_64-fedora-gcc, r-devel-windows-x86_64, r-patched-linux-x86_64, r-release-linux-x86_64, r-release-macos-arm64, r-release-windows-x86_64