Last updated on 2024-06-30 00:59:10 CEST.
Flavor | Version | Tinstall | Tcheck | Ttotal | Status | Flags |
---|---|---|---|---|---|---|
r-devel-linux-x86_64-debian-clang | 0.2.1 | 46.83 | 67.98 | 114.81 | NOTE | |
r-devel-linux-x86_64-debian-gcc | 0.2.1 | 26.70 | 49.07 | 75.77 | NOTE | |
r-devel-linux-x86_64-fedora-clang | 0.2.1 | 149.49 | NOTE | |||
r-devel-linux-x86_64-fedora-gcc | 0.2.1 | 141.66 | NOTE | |||
r-devel-windows-x86_64 | 0.2.1 | 35.00 | 88.00 | 123.00 | NOTE | |
r-patched-linux-x86_64 | 0.2.1 | 33.25 | 67.01 | 100.26 | NOTE | |
r-release-linux-x86_64 | 0.2.1 | 24.40 | 65.30 | 89.70 | NOTE | |
r-release-macos-arm64 | 0.2.1 | 38.00 | NOTE | |||
r-release-macos-x86_64 | 0.2.1 | 49.00 | NOTE | |||
r-release-windows-x86_64 | 0.2.1 | 34.00 | 84.00 | 118.00 | NOTE | |
r-oldrel-macos-arm64 | 0.2.1 | 41.00 | OK | |||
r-oldrel-macos-x86_64 | 0.2.1 | 62.00 | OK | |||
r-oldrel-windows-x86_64 | 0.2.1 | 42.00 | 99.00 | 141.00 | OK |
Version: 0.2.1
Check: Rd files
Result: NOTE
checkRd: (-1) calibration_bands.Rd:19: Lost braces; missing escapes or markup?
19 | \item{y}{response variable (in {0,1}).}
| ^
Flavors: r-devel-linux-x86_64-debian-clang, r-devel-linux-x86_64-debian-gcc, r-devel-linux-x86_64-fedora-clang, r-devel-linux-x86_64-fedora-gcc, r-devel-windows-x86_64, r-patched-linux-x86_64, r-release-linux-x86_64, r-release-macos-arm64, r-release-macos-x86_64, r-release-windows-x86_64