Last updated on 2025-04-29 01:49:28 CEST.
Flavor | Version | Tinstall | Tcheck | Ttotal | Status | Flags |
---|---|---|---|---|---|---|
r-devel-linux-x86_64-debian-clang | 0.1.5 | 9.18 | 122.52 | 131.70 | OK | |
r-devel-linux-x86_64-debian-gcc | 0.1.5 | 5.99 | 95.20 | 101.19 | NOTE | |
r-devel-linux-x86_64-fedora-clang | 0.1.5 | 217.37 | OK | |||
r-devel-linux-x86_64-fedora-gcc | 0.1.5 | 224.66 | OK | |||
r-devel-windows-x86_64 | 0.1.5 | 9.00 | 143.00 | 152.00 | OK | |
r-patched-linux-x86_64 | 0.1.5 | 8.82 | 116.35 | 125.17 | OK | |
r-release-linux-x86_64 | 0.1.5 | 7.86 | 117.91 | 125.77 | OK | |
r-release-macos-arm64 | 0.1.5 | 94.00 | OK | |||
r-release-macos-x86_64 | 0.1.5 | 150.00 | OK | |||
r-release-windows-x86_64 | 0.1.5 | 9.00 | 146.00 | 155.00 | OK | |
r-oldrel-macos-arm64 | 0.1.5 | 71.00 | OK | |||
r-oldrel-macos-x86_64 | 0.1.5 | 131.00 | OK | |||
r-oldrel-windows-x86_64 | 0.1.5 | 12.00 | 188.00 | 200.00 | OK |
Version: 0.1.5
Check: CRAN incoming feasibility
Result: NOTE
Maintainer: ‘Ziyi Li <zli16@mdanderson.org>’
No Authors@R field in DESCRIPTION.
Please add one, modifying
Authors@R: person(given = "Ziyi",
family = "Li",
role = c("aut", "cre"),
email = "zli16@mdanderson.org")
as necessary.
Flavor: r-devel-linux-x86_64-debian-gcc