Last updated on 2025-07-20 12:49:21 CEST.
Flavor | Version | Tinstall | Tcheck | Ttotal | Status | Flags |
---|---|---|---|---|---|---|
r-devel-linux-x86_64-debian-clang | 0.1.0 | 215.08 | 119.10 | 334.18 | OK | |
r-devel-linux-x86_64-debian-gcc | 0.1.0 | 210.52 | 103.09 | 313.61 | OK | |
r-devel-linux-x86_64-fedora-clang | 0.1.0 | 516.50 | NOTE | |||
r-devel-linux-x86_64-fedora-gcc | 0.1.0 | 666.38 | NOTE | |||
r-devel-windows-x86_64 | 0.1.0 | 249.00 | 156.00 | 405.00 | OK | |
r-patched-linux-x86_64 | 0.1.0 | 273.77 | 136.13 | 409.90 | OK | |
r-release-linux-x86_64 | 0.1.0 | 267.68 | 136.39 | 404.07 | OK | |
r-release-macos-arm64 | 0.1.0 | 168.00 | OK | |||
r-release-macos-x86_64 | 0.1.0 | 358.00 | OK | |||
r-release-windows-x86_64 | 0.1.0 | 248.00 | 153.00 | 401.00 | OK | |
r-oldrel-macos-arm64 | 0.1.0 | 76.00 | NOTE | |||
r-oldrel-macos-x86_64 | 0.1.0 | 104.00 | NOTE | |||
r-oldrel-windows-x86_64 | 0.1.0 | 284.00 | 192.00 | 476.00 | NOTE |
Version: 0.1.0
Check: dependencies in R code
Result: NOTE
Namespaces in Imports field not imported from:
‘RcppParallel’ ‘rstantools’
All declared Imports should be used.
Flavors: r-devel-linux-x86_64-fedora-clang, r-devel-linux-x86_64-fedora-gcc
Version: 0.1.0
Check: installed package size
Result: NOTE
installed size is 56.6Mb
sub-directories of 1Mb or more:
libs 56.2Mb
Flavors: r-oldrel-macos-arm64, r-oldrel-macos-x86_64
Version: 0.1.0
Check: for GNU extensions in Makefiles
Result: NOTE
GNU make is a SystemRequirements.
Flavors: r-oldrel-macos-arm64, r-oldrel-macos-x86_64, r-oldrel-windows-x86_64