Last updated on 2024-08-16 12:49:04 CEST.
Flavor | Version | Tinstall | Tcheck | Ttotal | Status | Flags |
---|---|---|---|---|---|---|
r-devel-linux-x86_64-debian-clang | 1.4 | 2.43 | 17.10 | 19.53 | NOTE | |
r-devel-linux-x86_64-debian-gcc | 1.4 | 1.92 | 13.62 | 15.54 | NOTE | |
r-devel-linux-x86_64-fedora-clang | 1.4 | 31.71 | NOTE | |||
r-devel-linux-x86_64-fedora-gcc | 1.4 | 30.54 | NOTE | |||
r-devel-windows-x86_64 | 1.4 | 6.00 | 37.00 | 43.00 | NOTE | |
r-patched-linux-x86_64 | 1.4 | 2.32 | 16.62 | 18.94 | NOTE | |
r-release-linux-x86_64 | 1.4 | 2.29 | 16.68 | 18.97 | NOTE | |
r-release-macos-arm64 | 1.4 | 16.00 | NOTE | |||
r-release-macos-x86_64 | 1.4 | 22.00 | NOTE | |||
r-release-windows-x86_64 | 1.4 | 5.00 | 35.00 | 40.00 | NOTE | |
r-oldrel-macos-arm64 | 1.4 | 15.00 | NOTE | |||
r-oldrel-macos-x86_64 | 1.4 | 21.00 | NOTE | |||
r-oldrel-windows-x86_64 | 1.4 | 5.00 | 38.00 | 43.00 | NOTE |
Version: 1.4
Check: DESCRIPTION meta-information
Result: NOTE
Malformed Description field: should contain one or more complete sentences.
Flavors: r-devel-linux-x86_64-debian-clang, r-devel-linux-x86_64-debian-gcc, r-devel-linux-x86_64-fedora-clang, r-devel-linux-x86_64-fedora-gcc, r-devel-windows-x86_64, r-patched-linux-x86_64, r-release-linux-x86_64, r-release-macos-arm64, r-release-macos-x86_64, r-release-windows-x86_64, r-oldrel-macos-arm64, r-oldrel-macos-x86_64, r-oldrel-windows-x86_64
Version: 1.4
Check: Rd cross-references
Result: NOTE
Undeclared packages ‘quadprog’, ‘nnls’ in Rd xrefs
Flavor: r-devel-linux-x86_64-fedora-clang
Version: 1.4
Check: compiled code
Result: NOTE
File ‘bvls/libs/bvls.so’:
Found no calls to: ‘R_registerRoutines’, ‘R_useDynamicSymbols’
It is good practice to register native routines and to disable symbol
search.
See ‘Writing portable packages’ in the ‘Writing R Extensions’ manual.
Flavors: r-devel-linux-x86_64-fedora-clang, r-devel-linux-x86_64-fedora-gcc