CRAN Package Check Results for Package bulkQC

Last updated on 2025-07-21 12:49:55 CEST.

Flavor Version Tinstall Tcheck Ttotal Status Flags
r-devel-linux-x86_64-debian-clang 1.1 2.14 26.00 28.14 NOTE
r-devel-linux-x86_64-debian-gcc 1.1 1.86 20.70 22.56 NOTE
r-devel-linux-x86_64-fedora-clang 1.1 44.01 OK
r-devel-linux-x86_64-fedora-gcc 1.1 42.25 OK
r-devel-windows-x86_64 1.1 4.00 48.00 52.00 OK
r-patched-linux-x86_64 1.1 2.65 24.36 27.01 OK
r-release-linux-x86_64 1.1 2.15 24.35 26.50 OK
r-release-macos-arm64 1.1 20.00 OK
r-release-macos-x86_64 1.1 39.00 OK
r-release-windows-x86_64 1.1 3.00 51.00 54.00 OK
r-oldrel-macos-arm64 1.1 18.00 OK
r-oldrel-macos-x86_64 1.1 32.00 OK
r-oldrel-windows-x86_64 1.1 3.00 56.00 59.00 OK

Check Details

Version: 1.1
Check: CRAN incoming feasibility
Result: NOTE Maintainer: ‘Joseph Rigdon <jrigdon@wakehealth.edu>’ No Authors@R field in DESCRIPTION. Please add one, modifying Authors@R: person(given = "Joseph", family = "Rigdon", role = c("aut", "cre"), email = "jrigdon@wakehealth.edu") as necessary. Flavors: r-devel-linux-x86_64-debian-clang, r-devel-linux-x86_64-debian-gcc