Last updated on 2025-04-29 01:49:28 CEST.
Flavor | Version | Tinstall | Tcheck | Ttotal | Status | Flags |
---|---|---|---|---|---|---|
r-devel-linux-x86_64-debian-clang | 0.1.0 | 5.98 | 46.02 | 52.00 | NOTE | |
r-devel-linux-x86_64-debian-gcc | 0.1.0 | 4.99 | 36.43 | 41.42 | NOTE | |
r-devel-linux-x86_64-fedora-clang | 0.1.0 | 85.11 | NOTE | |||
r-devel-linux-x86_64-fedora-gcc | 0.1.0 | 77.12 | NOTE | |||
r-devel-windows-x86_64 | 0.1.0 | 8.00 | 66.00 | 74.00 | NOTE | |
r-patched-linux-x86_64 | 0.1.0 | 7.00 | 49.00 | 56.00 | NOTE | |
r-release-linux-x86_64 | 0.1.0 | 6.69 | 47.36 | 54.05 | NOTE | |
r-release-macos-arm64 | 0.1.0 | 28.00 | NOTE | |||
r-release-macos-x86_64 | 0.1.0 | 49.00 | NOTE | |||
r-release-windows-x86_64 | 0.1.0 | 9.00 | 67.00 | 76.00 | NOTE | |
r-oldrel-macos-arm64 | 0.1.0 | 27.00 | NOTE | |||
r-oldrel-macos-x86_64 | 0.1.0 | 62.00 | NOTE | |||
r-oldrel-windows-x86_64 | 0.1.0 | 11.00 | 78.00 | 89.00 | NOTE |
Version: 0.1.0
Check: Rd files
Result: NOTE
checkRd: (-1) printHands.Rd:40: Lost braces in \itemize; meant \describe ?
checkRd: (-1) printHands.Rd:41: Lost braces in \itemize; meant \describe ?
checkRd: (-1) printHands.Rd:42: Lost braces in \itemize; meant \describe ?
Flavors: r-devel-linux-x86_64-debian-clang, r-devel-linux-x86_64-debian-gcc, r-devel-linux-x86_64-fedora-clang, r-devel-linux-x86_64-fedora-gcc, r-devel-windows-x86_64, r-patched-linux-x86_64, r-release-linux-x86_64, r-release-macos-arm64, r-release-macos-x86_64, r-release-windows-x86_64, r-oldrel-macos-arm64, r-oldrel-macos-x86_64, r-oldrel-windows-x86_64
Version: 0.1.0
Check: dependencies in R code
Result: NOTE
Namespace in Imports field not imported from: ‘kableExtra’
All declared Imports should be used.
Flavors: r-devel-linux-x86_64-fedora-clang, r-devel-linux-x86_64-fedora-gcc