Last updated on 2025-04-29 01:49:28 CEST.
Flavor | Version | Tinstall | Tcheck | Ttotal | Status | Flags |
---|---|---|---|---|---|---|
r-devel-linux-x86_64-debian-clang | 1.4.2 | 11.05 | 100.00 | 111.05 | OK | |
r-devel-linux-x86_64-debian-gcc | 1.4.2 | 8.21 | 75.66 | 83.87 | NOTE | |
r-devel-linux-x86_64-fedora-clang | 1.4.2 | 177.92 | OK | |||
r-devel-linux-x86_64-fedora-gcc | 1.4.2 | 181.85 | OK | |||
r-devel-windows-x86_64 | 1.4.2 | 13.00 | 121.00 | 134.00 | OK | |
r-patched-linux-x86_64 | 1.4.2 | 10.57 | 98.73 | 109.30 | OK | |
r-release-linux-x86_64 | 1.4.2 | 9.10 | 98.87 | 107.97 | OK | |
r-release-macos-arm64 | 1.4.2 | 94.00 | OK | |||
r-release-macos-x86_64 | 1.4.2 | 151.00 | OK | |||
r-release-windows-x86_64 | 1.4.2 | 13.00 | 122.00 | 135.00 | OK | |
r-oldrel-macos-arm64 | 1.4.2 | 60.00 | OK | |||
r-oldrel-macos-x86_64 | 1.4.2 | 83.00 | OK | |||
r-oldrel-windows-x86_64 | 1.4.2 | 17.00 | 145.00 | 162.00 | OK |
Version: 1.4.2
Check: CRAN incoming feasibility
Result: NOTE
Maintainer: ‘Michael P. Fay <mfay@niaid.nih.gov>’
No Authors@R field in DESCRIPTION.
Please add one, modifying
Authors@R: c(person(given = c("Michael", "P."),
family = "Fay",
role = c("aut", "cre"),
email = "mfay@niaid.nih.gov"),
person(given = "Allyson",
family = "Mateja",
role = "ctb"))
as necessary.
Package CITATION file contains call(s) to old-style personList() or
as.personList(). Please use c() on person objects instead.
Package CITATION file contains call(s) to old-style citEntry(). Please
use bibentry() instead.
Flavor: r-devel-linux-x86_64-debian-gcc