Last updated on 2024-06-30 00:59:10 CEST.
Flavor | Version | Tinstall | Tcheck | Ttotal | Status | Flags |
---|---|---|---|---|---|---|
r-devel-linux-x86_64-debian-clang | 1.6 | 19.54 | 184.29 | 203.83 | OK | |
r-devel-linux-x86_64-debian-gcc | 1.6 | 17.91 | 134.32 | 152.23 | OK | |
r-devel-linux-x86_64-fedora-clang | 1.6 | 256.16 | NOTE | |||
r-devel-linux-x86_64-fedora-gcc | 1.6 | 243.59 | OK | |||
r-devel-windows-x86_64 | 1.6 | 20.00 | 143.00 | 163.00 | OK | |
r-patched-linux-x86_64 | 1.6 | 22.02 | 172.44 | 194.46 | OK | |
r-release-linux-x86_64 | 1.6 | 20.31 | 175.26 | 195.57 | OK | |
r-release-macos-arm64 | 1.6 | 60.00 | OK | |||
r-release-macos-x86_64 | 1.6 | 98.00 | OK | |||
r-release-windows-x86_64 | 1.6 | 20.00 | 144.00 | 164.00 | OK | |
r-oldrel-macos-arm64 | 1.6 | 50.00 | OK | |||
r-oldrel-macos-x86_64 | 1.6 | 77.00 | OK | |||
r-oldrel-windows-x86_64 | 1.6 | 21.00 | 183.00 | 204.00 | OK |
Version: 1.6
Check: Rd cross-references
Result: NOTE
Undeclared package ‘psych’ in Rd xrefs
Flavor: r-devel-linux-x86_64-fedora-clang