Last updated on 2024-06-30 00:59:10 CEST.
Flavor | Version | Tinstall | Tcheck | Ttotal | Status | Flags |
---|---|---|---|---|---|---|
r-devel-linux-x86_64-debian-clang | 0.7.9 | 647.51 | 693.35 | 1340.86 | NOTE | |
r-devel-linux-x86_64-debian-gcc | 0.7.9 | 508.98 | 525.43 | 1034.41 | NOTE | |
r-devel-linux-x86_64-fedora-clang | 0.7.9 | 1716.14 | NOTE | |||
r-devel-linux-x86_64-fedora-gcc | 0.7.9 | 2013.13 | NOTE | |||
r-devel-windows-x86_64 | 0.7.9 | 455.00 | 479.00 | 934.00 | NOTE | |
r-patched-linux-x86_64 | 0.7.9 | 512.62 | 705.16 | 1217.78 | NOTE | |
r-release-linux-x86_64 | 0.7.9 | 517.49 | 691.08 | 1208.57 | NOTE | |
r-release-macos-arm64 | 0.7.9 | 388.00 | NOTE | |||
r-release-macos-x86_64 | 0.7.9 | 492.00 | NOTE | |||
r-release-windows-x86_64 | 0.7.9 | 403.00 | 467.00 | 870.00 | NOTE | |
r-oldrel-macos-arm64 | 0.7.9 | 265.00 | NOTE | |||
r-oldrel-macos-x86_64 | 0.7.9 | 354.00 | NOTE | |||
r-oldrel-windows-x86_64 | 0.7.9 | 532.00 | 634.00 | 1166.00 | NOTE |
Version: 0.7.9
Check: package dependencies
Result: NOTE
Package suggested but not available for checking: ‘INLA’
Flavors: r-devel-linux-x86_64-debian-clang, r-devel-linux-x86_64-debian-gcc, r-patched-linux-x86_64, r-release-linux-x86_64, r-release-macos-arm64, r-release-macos-x86_64, r-oldrel-macos-arm64, r-oldrel-macos-x86_64, r-oldrel-windows-x86_64
Version: 0.7.9
Check: for GNU extensions in Makefiles
Result: NOTE
GNU make is a SystemRequirements.
Flavors: r-devel-linux-x86_64-debian-clang, r-devel-linux-x86_64-debian-gcc, r-devel-linux-x86_64-fedora-clang, r-devel-linux-x86_64-fedora-gcc, r-devel-windows-x86_64, r-patched-linux-x86_64, r-release-linux-x86_64, r-release-macos-arm64, r-release-macos-x86_64, r-release-windows-x86_64, r-oldrel-macos-arm64, r-oldrel-macos-x86_64, r-oldrel-windows-x86_64
Version: 0.7.9
Check: installed package size
Result: NOTE
installed size is 9.3Mb
sub-directories of 1Mb or more:
libs 5.9Mb
Flavors: r-devel-linux-x86_64-fedora-clang, r-devel-windows-x86_64, r-release-macos-arm64, r-release-macos-x86_64, r-release-windows-x86_64, r-oldrel-macos-arm64, r-oldrel-macos-x86_64, r-oldrel-windows-x86_64