Last updated on 2025-04-29 01:49:28 CEST.
Flavor | Version | Tinstall | Tcheck | Ttotal | Status | Flags |
---|---|---|---|---|---|---|
r-devel-linux-x86_64-debian-clang | 1.0-2 | 5.53 | 40.53 | 46.06 | OK | |
r-devel-linux-x86_64-debian-gcc | 1.0-2 | 4.95 | 30.51 | 35.46 | NOTE | |
r-devel-linux-x86_64-fedora-clang | 1.0-2 | 76.17 | NOTE | |||
r-devel-linux-x86_64-fedora-gcc | 1.0-2 | 72.29 | NOTE | |||
r-devel-windows-x86_64 | 1.0-2 | 8.00 | 54.00 | 62.00 | OK | |
r-patched-linux-x86_64 | 1.0-2 | 7.13 | 39.14 | 46.27 | OK | |
r-release-linux-x86_64 | 1.0-2 | 5.35 | 39.14 | 44.49 | OK | |
r-release-macos-arm64 | 1.0-2 | 27.00 | OK | |||
r-release-macos-x86_64 | 1.0-2 | 48.00 | OK | |||
r-release-windows-x86_64 | 1.0-2 | 8.00 | 59.00 | 67.00 | OK | |
r-oldrel-macos-arm64 | 1.0-2 | 23.00 | OK | |||
r-oldrel-macos-x86_64 | 1.0-2 | 35.00 | OK | |||
r-oldrel-windows-x86_64 | 1.0-2 | 10.00 | 66.00 | 76.00 | OK |
Version: 1.0-2
Check: CRAN incoming feasibility
Result: NOTE
Maintainer: ‘Furong Sun <furongs@vt.edu>’
No Authors@R field in DESCRIPTION.
Please add one, modifying
Authors@R: c(person(given = "Furong",
family = "Sun",
role = c("aut", "cre"),
email = "furongs@vt.edu"),
person(given = "Zhonggai",
family = "Li",
role = "aut",
email = "zli@bostonbiomedical.com"))
as necessary.
Flavor: r-devel-linux-x86_64-debian-gcc
Version: 1.0-2
Check: dependencies in R code
Result: NOTE
Namespace in Imports field not imported from: ‘shiny’
All declared Imports should be used.
Flavors: r-devel-linux-x86_64-fedora-clang, r-devel-linux-x86_64-fedora-gcc